{"id":1145,"date":"2015-07-21T09:47:03","date_gmt":"2015-07-21T09:47:03","guid":{"rendered":"http:\/\/alfasites.hu\/?page_id=1145"},"modified":"2019-01-31T14:48:33","modified_gmt":"2019-01-31T14:48:33","slug":"microhome-xs-es-csomag","status":"publish","type":"page","link":"https:\/\/deltanet.hu\/index.php\/microhome-xs-es-csomag\/","title":{"rendered":"MicroHome XS-es csomag"},"content":{"rendered":"\t\t<div data-elementor-type=\"wp-post\" data-elementor-id=\"1145\" class=\"elementor elementor-1145 elementor-bc-flex-widget\" data-elementor-settings=\"[]\">\n\t\t\t<div class=\"elementor-inner\">\n\t\t\t\t<div class=\"elementor-section-wrap\">\n\t\t\t\t\t\t\t<section class=\"elementor-element elementor-element-fee0f48 elementor-section-boxed elementor-section-height-default elementor-section-height-default elementor-section elementor-top-section\" data-id=\"fee0f48\" data-element_type=\"section\">\n\t\t\t\t\t\t<div class=\"elementor-container elementor-column-gap-default\">\n\t\t\t\t<div class=\"elementor-row\">\n\t\t\t\t<div class=\"elementor-element elementor-element-324530d elementor-column elementor-col-100 elementor-top-column\" data-id=\"324530d\" data-element_type=\"column\">\n\t\t\t<div class=\"elementor-column-wrap  elementor-element-populated\">\n\t\t\t\t\t<div class=\"elementor-widget-wrap\">\n\t\t\t\t<div class=\"elementor-element elementor-element-e7b9bfc elementor-widget elementor-widget-image\" data-id=\"e7b9bfc\" data-element_type=\"widget\" data-widget_type=\"image.default\">\n\t\t\t\t<div class=\"elementor-widget-container\">\n\t\t\t\t\t<div class=\"elementor-image\">\n\t\t\t\t\t\t\t\t\t\t<img width=\"239\" height=\"80\" src=\"https:\/\/deltanet.hu\/wp-content\/uploads\/2019\/01\/N\u00e9vtelen-1.png\" class=\"attachment-large size-large\" alt=\"\" decoding=\"async\" loading=\"lazy\" \/>\t\t\t\t\t\t\t\t\t\t\t<\/div>\n\t\t\t\t<\/div>\n\t\t\t\t<\/div>\n\t\t\t\t\t\t<\/div>\n\t\t\t<\/div>\n\t\t<\/div>\n\t\t\t\t\t\t<\/div>\n\t\t\t<\/div>\n\t\t<\/section>\n\t\t\t\t<section class=\"elementor-element elementor-element-3910b5e elementor-section-boxed elementor-section-height-default elementor-section-height-default elementor-section elementor-top-section\" data-id=\"3910b5e\" data-element_type=\"section\">\n\t\t\t\t\t\t<div class=\"elementor-container elementor-column-gap-default\">\n\t\t\t\t<div class=\"elementor-row\">\n\t\t\t\t<div class=\"elementor-element elementor-element-9fd105a elementor-column elementor-col-100 elementor-top-column\" data-id=\"9fd105a\" data-element_type=\"column\">\n\t\t\t<div class=\"elementor-column-wrap  elementor-element-populated\">\n\t\t\t\t\t<div class=\"elementor-widget-wrap\">\n\t\t\t\t<div class=\"elementor-element elementor-element-2f8274c6 elementor-widget elementor-widget-heading\" data-id=\"2f8274c6\" data-element_type=\"widget\" data-widget_type=\"heading.default\">\n\t\t\t\t<div class=\"elementor-widget-container\">\n\t\t\t<h2 class=\"elementor-heading-title elementor-size-default\">Micro Home XS-es csomag<\/h2>\t\t<\/div>\n\t\t\t\t<\/div>\n\t\t\t\t\t\t<\/div>\n\t\t\t<\/div>\n\t\t<\/div>\n\t\t\t\t\t\t<\/div>\n\t\t\t<\/div>\n\t\t<\/section>\n\t\t\t\t<section class=\"elementor-element elementor-element-6eccb2d elementor-section-boxed elementor-section-height-default elementor-section-height-default elementor-section elementor-top-section\" data-id=\"6eccb2d\" data-element_type=\"section\">\n\t\t\t\t\t\t<div class=\"elementor-container elementor-column-gap-default\">\n\t\t\t\t<div class=\"elementor-row\">\n\t\t\t\t<div class=\"elementor-element elementor-element-f953f23 elementor-column elementor-col-100 elementor-top-column\" data-id=\"f953f23\" data-element_type=\"column\">\n\t\t\t<div class=\"elementor-column-wrap  elementor-element-populated\">\n\t\t\t\t\t<div class=\"elementor-widget-wrap\">\n\t\t\t\t<div class=\"elementor-element elementor-element-ef49fe6 elementor-widget elementor-widget-text-editor\" data-id=\"ef49fe6\" data-element_type=\"widget\" data-widget_type=\"text-editor.default\">\n\t\t\t\t<div class=\"elementor-widget-container\">\n\t\t\t\t\t<div class=\"elementor-text-editor elementor-clearfix\"><h4>Csak m\u00e1r megl\u00e9v\u0151 szerz\u0151d\u00e9s \u00fajrak\u00f6t\u00e9se eset\u00e9n!<\/h4><\/div>\n\t\t\t\t<\/div>\n\t\t\t\t<\/div>\n\t\t\t\t\t\t<\/div>\n\t\t\t<\/div>\n\t\t<\/div>\n\t\t\t\t\t\t<\/div>\n\t\t\t<\/div>\n\t\t<\/section>\n\t\t\t\t<section class=\"elementor-element elementor-element-ec424b0 elementor-section-boxed elementor-section-height-default elementor-section-height-default elementor-section elementor-top-section\" data-id=\"ec424b0\" data-element_type=\"section\">\n\t\t\t\t\t\t<div class=\"elementor-container elementor-column-gap-default\">\n\t\t\t\t<div class=\"elementor-row\">\n\t\t\t\t<div class=\"elementor-element elementor-element-1427252 elementor-column elementor-col-100 elementor-top-column\" data-id=\"1427252\" data-element_type=\"column\">\n\t\t\t<div class=\"elementor-column-wrap  elementor-element-populated\">\n\t\t\t\t\t<div class=\"elementor-widget-wrap\">\n\t\t\t\t<div class=\"elementor-element elementor-element-a1a5ee6 elementor-widget elementor-widget-spacer\" data-id=\"a1a5ee6\" data-element_type=\"widget\" data-widget_type=\"spacer.default\">\n\t\t\t\t<div class=\"elementor-widget-container\">\n\t\t\t\t\t<div class=\"elementor-spacer\">\n\t\t\t<div class=\"elementor-spacer-inner\"><\/div>\n\t\t<\/div>\n\t\t\t\t<\/div>\n\t\t\t\t<\/div>\n\t\t\t\t\t\t<\/div>\n\t\t\t<\/div>\n\t\t<\/div>\n\t\t\t\t\t\t<\/div>\n\t\t\t<\/div>\n\t\t<\/section>\n\t\t\t\t<section class=\"elementor-element elementor-element-432e24d8 elementor-section-boxed elementor-section-height-default elementor-section-height-default elementor-section elementor-top-section\" data-id=\"432e24d8\" data-element_type=\"section\">\n\t\t\t\t\t\t<div class=\"elementor-container elementor-column-gap-default\">\n\t\t\t\t<div class=\"elementor-row\">\n\t\t\t\t<div class=\"elementor-element elementor-element-fd632d9 elementor-column elementor-col-100 elementor-top-column\" data-id=\"fd632d9\" data-element_type=\"column\">\n\t\t\t<div class=\"elementor-column-wrap\">\n\t\t\t\t\t<div class=\"elementor-widget-wrap\">\n\t\t\t\t\t\t<\/div>\n\t\t\t<\/div>\n\t\t<\/div>\n\t\t\t\t\t\t<\/div>\n\t\t\t<\/div>\n\t\t<\/section>\n\t\t\t\t<section class=\"elementor-element elementor-element-9484ebb elementor-section-boxed elementor-section-height-default elementor-section-height-default elementor-section elementor-top-section\" data-id=\"9484ebb\" data-element_type=\"section\">\n\t\t\t\t\t\t<div class=\"elementor-container elementor-column-gap-no\">\n\t\t\t\t<div class=\"elementor-row\">\n\t\t\t\t<div class=\"elementor-element elementor-element-29f7e2f elementor-invisible elementor-column elementor-col-33 elementor-top-column\" data-id=\"29f7e2f\" data-element_type=\"column\" data-settings=\"{&quot;animation&quot;:&quot;fadeInLeft&quot;}\">\n\t\t\t<div class=\"elementor-column-wrap  elementor-element-populated\">\n\t\t\t\t\t<div class=\"elementor-widget-wrap\">\n\t\t\t\t<div class=\"elementor-element elementor-element-b98c650 elementor-widget elementor-widget-image\" data-id=\"b98c650\" data-element_type=\"widget\" data-widget_type=\"image.default\">\n\t\t\t\t<div class=\"elementor-widget-container\">\n\t\t\t\t\t<div class=\"elementor-image\">\n\t\t\t\t\t\t\t\t\t\t\t<a href=\"\/index.php\/micro-home-xs-es-csomag-megrendeles-1-evvel\/\">\n\t\t\t\t\t\t\t<img width=\"583\" height=\"1024\" src=\"https:\/\/deltanet.hu\/wp-content\/uploads\/2019\/01\/XS-1-\u00c9VES-1-583x1024.png\" class=\"elementor-animation-pulse-grow attachment-large size-large\" alt=\"\" decoding=\"async\" loading=\"lazy\" srcset=\"https:\/\/deltanet.hu\/wp-content\/uploads\/2019\/01\/XS-1-\u00c9VES-1-583x1024.png 583w, https:\/\/deltanet.hu\/wp-content\/uploads\/2019\/01\/XS-1-\u00c9VES-1-171x300.png 171w, https:\/\/deltanet.hu\/wp-content\/uploads\/2019\/01\/XS-1-\u00c9VES-1-768x1348.png 768w, https:\/\/deltanet.hu\/wp-content\/uploads\/2019\/01\/XS-1-\u00c9VES-1.png 845w\" sizes=\"(max-width: 583px) 100vw, 583px\" \/>\t\t\t\t\t\t\t\t<\/a>\n\t\t\t\t\t\t\t\t\t\t\t<\/div>\n\t\t\t\t<\/div>\n\t\t\t\t<\/div>\n\t\t\t\t\t\t<\/div>\n\t\t\t<\/div>\n\t\t<\/div>\n\t\t\t\t<div class=\"elementor-element elementor-element-342d750 elementor-invisible elementor-column elementor-col-33 elementor-top-column\" data-id=\"342d750\" data-element_type=\"column\" data-settings=\"{&quot;animation&quot;:&quot;fadeInDown&quot;}\">\n\t\t\t<div class=\"elementor-column-wrap  elementor-element-populated\">\n\t\t\t\t\t<div class=\"elementor-widget-wrap\">\n\t\t\t\t<div class=\"elementor-element elementor-element-fa25082 elementor-invisible elementor-widget elementor-widget-image\" data-id=\"fa25082\" data-element_type=\"widget\" data-settings=\"{&quot;_animation&quot;:&quot;fadeInDown&quot;}\" data-widget_type=\"image.default\">\n\t\t\t\t<div class=\"elementor-widget-container\">\n\t\t\t\t\t<div class=\"elementor-image\">\n\t\t\t\t\t\t\t\t\t\t\t<a href=\"\/index.php\/micro-home-xs-es-csomag-megrendeles-2-eves-hatarozott-ideju-szerzodessel\/\">\n\t\t\t\t\t\t\t<img width=\"583\" height=\"1024\" src=\"https:\/\/deltanet.hu\/wp-content\/uploads\/2019\/01\/xs_2\u00e9ves-583x1024.png\" class=\"elementor-animation-pulse-grow attachment-large size-large\" alt=\"\" decoding=\"async\" loading=\"lazy\" srcset=\"https:\/\/deltanet.hu\/wp-content\/uploads\/2019\/01\/xs_2\u00e9ves-583x1024.png 583w, https:\/\/deltanet.hu\/wp-content\/uploads\/2019\/01\/xs_2\u00e9ves-171x300.png 171w, https:\/\/deltanet.hu\/wp-content\/uploads\/2019\/01\/xs_2\u00e9ves-768x1348.png 768w, https:\/\/deltanet.hu\/wp-content\/uploads\/2019\/01\/xs_2\u00e9ves.png 845w\" sizes=\"(max-width: 583px) 100vw, 583px\" \/>\t\t\t\t\t\t\t\t<\/a>\n\t\t\t\t\t\t\t\t\t\t\t<\/div>\n\t\t\t\t<\/div>\n\t\t\t\t<\/div>\n\t\t\t\t\t\t<\/div>\n\t\t\t<\/div>\n\t\t<\/div>\n\t\t\t\t<div class=\"elementor-element elementor-element-fb56048 elementor-invisible elementor-column elementor-col-33 elementor-top-column\" data-id=\"fb56048\" data-element_type=\"column\" data-settings=\"{&quot;animation&quot;:&quot;fadeInRight&quot;}\">\n\t\t\t<div class=\"elementor-column-wrap  elementor-element-populated\">\n\t\t\t\t\t<div class=\"elementor-widget-wrap\">\n\t\t\t\t<div class=\"elementor-element elementor-element-b733b87 elementor-widget elementor-widget-image\" data-id=\"b733b87\" data-element_type=\"widget\" data-widget_type=\"image.default\">\n\t\t\t\t<div class=\"elementor-widget-container\">\n\t\t\t\t\t<div class=\"elementor-image\">\n\t\t\t\t\t\t\t\t\t\t\t<a href=\"\/index.php\/micro-home-xs-es-csomag-megrendeles-hatarozatlan-ideju\/\">\n\t\t\t\t\t\t\t<img width=\"583\" height=\"1024\" src=\"https:\/\/deltanet.hu\/wp-content\/uploads\/2019\/01\/XS-HAT\u00c1ROZATLAN-583x1024.png\" class=\"elementor-animation-pulse-grow attachment-large size-large\" alt=\"\" decoding=\"async\" loading=\"lazy\" srcset=\"https:\/\/deltanet.hu\/wp-content\/uploads\/2019\/01\/XS-HAT\u00c1ROZATLAN-583x1024.png 583w, https:\/\/deltanet.hu\/wp-content\/uploads\/2019\/01\/XS-HAT\u00c1ROZATLAN-171x300.png 171w, https:\/\/deltanet.hu\/wp-content\/uploads\/2019\/01\/XS-HAT\u00c1ROZATLAN-768x1348.png 768w, https:\/\/deltanet.hu\/wp-content\/uploads\/2019\/01\/XS-HAT\u00c1ROZATLAN.png 845w\" sizes=\"(max-width: 583px) 100vw, 583px\" \/>\t\t\t\t\t\t\t\t<\/a>\n\t\t\t\t\t\t\t\t\t\t\t<\/div>\n\t\t\t\t<\/div>\n\t\t\t\t<\/div>\n\t\t\t\t\t\t<\/div>\n\t\t\t<\/div>\n\t\t<\/div>\n\t\t\t\t\t\t<\/div>\n\t\t\t<\/div>\n\t\t<\/section>\n\t\t\t\t<section class=\"elementor-element elementor-element-6df2eaa3 elementor-section-content-middle elementor-section-stretched elementor-section-boxed elementor-section-height-default elementor-section-height-default elementor-section elementor-top-section\" data-id=\"6df2eaa3\" data-element_type=\"section\" data-settings=\"{&quot;stretch_section&quot;:&quot;section-stretched&quot;}\">\n\t\t\t\t\t\t<div class=\"elementor-container elementor-column-gap-no\">\n\t\t\t\t<div class=\"elementor-row\">\n\t\t\t\t<div class=\"elementor-element elementor-element-7b9e5782 elementor-column elementor-col-100 elementor-top-column\" data-id=\"7b9e5782\" data-element_type=\"column\">\n\t\t\t<div class=\"elementor-column-wrap  elementor-element-populated\">\n\t\t\t\t\t<div class=\"elementor-widget-wrap\">\n\t\t\t\t<div class=\"elementor-element elementor-element-b5e3677 elementor-widget elementor-widget-text-editor\" data-id=\"b5e3677\" data-element_type=\"widget\" data-widget_type=\"text-editor.default\">\n\t\t\t\t<div class=\"elementor-widget-container\">\n\t\t\t\t\t<div class=\"elementor-text-editor elementor-clearfix\"><p>* Elektronikus fizet\u00e9si m\u00f3d: -500 Ft.-\/h\u00f3, \u00e1tutal\u00e1ssal, vagy csoportos beszed\u00e9si megb\u00edz\u00e1ssal, emailben k\u00fcld\u00f6tt pdf form\u00e1tum\u00fa sz\u00e1ml\u00e1val.<br \/>** A Wi-Fi router 24 havi r\u00e9szletre t\u00f6rt\u00e9n\u0151 v\u00e1s\u00e1rl\u00e1sa eset\u00e9n az \u00e1ra +500 Ft.-\/h\u00f3, mely az internet-szolg\u00e1ltat\u00e1s havi d\u00edj\u00e1n fel\u00fcl fizetend\u0151 24 h\u00f3napig.<br \/>A fenti \u00e1rak nett\u00f3 \u00e1rak.<\/p><p>Torrent opci\u00f3: naponta 23:00 \u00f3r\u00e1t\u00f3l-m\u00e1snap 05:00 \u00f3r\u00e1ig sebess\u00e9g korl\u00e1toz\u00e1sa n\u00e9lk\u00fcl: +1.000 Ft.-\/h\u00f3<br \/>Publikus FIX IP c\u00edm: 2.540 Ft.-\/h\u00f3 (27%\u00c1FA)<\/p><\/div>\n\t\t\t\t<\/div>\n\t\t\t\t<\/div>\n\t\t\t\t<div class=\"elementor-element elementor-element-390554a elementor-widget elementor-widget-spacer\" data-id=\"390554a\" data-element_type=\"widget\" data-widget_type=\"spacer.default\">\n\t\t\t\t<div class=\"elementor-widget-container\">\n\t\t\t\t\t<div class=\"elementor-spacer\">\n\t\t\t<div class=\"elementor-spacer-inner\"><\/div>\n\t\t<\/div>\n\t\t\t\t<\/div>\n\t\t\t\t<\/div>\n\t\t\t\t<div class=\"elementor-element elementor-element-2d4d191 elementor-invisible elementor-widget elementor-widget-heading\" data-id=\"2d4d191\" data-element_type=\"widget\" data-settings=\"{&quot;_animation&quot;:&quot;pulse&quot;}\" data-widget_type=\"heading.default\">\n\t\t\t\t<div class=\"elementor-widget-container\">\n\t\t\t<h1 class=\"elementor-heading-title elementor-size-default\">M\u00e9gis m\u00e1sik csomagot v\u00e1lasztana?<\/h1>\t\t<\/div>\n\t\t\t\t<\/div>\n\t\t\t\t\t\t<\/div>\n\t\t\t<\/div>\n\t\t<\/div>\n\t\t\t\t\t\t<\/div>\n\t\t\t<\/div>\n\t\t<\/section>\n\t\t\t\t<section class=\"elementor-element elementor-element-d76984d elementor-section-boxed elementor-section-height-default elementor-section-height-default elementor-section elementor-top-section\" data-id=\"d76984d\" data-element_type=\"section\">\n\t\t\t\t\t\t<div class=\"elementor-container elementor-column-gap-no\">\n\t\t\t\t<div class=\"elementor-row\">\n\t\t\t\t<div class=\"elementor-element elementor-element-1cfa1b8 elementor-invisible elementor-column elementor-col-20 elementor-top-column\" data-id=\"1cfa1b8\" data-element_type=\"column\" data-settings=\"{&quot;animation&quot;:&quot;slideInDown&quot;}\">\n\t\t\t<div class=\"elementor-column-wrap  elementor-element-populated\">\n\t\t\t\t\t<div class=\"elementor-widget-wrap\">\n\t\t\t\t<div class=\"elementor-element elementor-element-24949de elementor-widget elementor-widget-image\" data-id=\"24949de\" data-element_type=\"widget\" data-widget_type=\"image.default\">\n\t\t\t\t<div class=\"elementor-widget-container\">\n\t\t\t\t\t<div class=\"elementor-image\">\n\t\t\t\t\t\t\t\t\t\t\t<a href=\"\/index.php\/microhome_s\/\">\n\t\t\t\t\t\t\t<img width=\"583\" height=\"1024\" src=\"https:\/\/deltanet.hu\/wp-content\/uploads\/2019\/01\/Rajzt\u00e1bla-6-583x1024.png\" class=\"elementor-animation-pulse-grow attachment-large size-large\" alt=\"\" decoding=\"async\" loading=\"lazy\" srcset=\"https:\/\/deltanet.hu\/wp-content\/uploads\/2019\/01\/Rajzt\u00e1bla-6-583x1024.png 583w, https:\/\/deltanet.hu\/wp-content\/uploads\/2019\/01\/Rajzt\u00e1bla-6-171x300.png 171w, https:\/\/deltanet.hu\/wp-content\/uploads\/2019\/01\/Rajzt\u00e1bla-6-768x1348.png 768w, https:\/\/deltanet.hu\/wp-content\/uploads\/2019\/01\/Rajzt\u00e1bla-6.png 845w\" sizes=\"(max-width: 583px) 100vw, 583px\" \/>\t\t\t\t\t\t\t\t<\/a>\n\t\t\t\t\t\t\t\t\t\t\t<\/div>\n\t\t\t\t<\/div>\n\t\t\t\t<\/div>\n\t\t\t\t\t\t<\/div>\n\t\t\t<\/div>\n\t\t<\/div>\n\t\t\t\t<div class=\"elementor-element elementor-element-0d57f8c elementor-invisible elementor-column elementor-col-20 elementor-top-column\" data-id=\"0d57f8c\" data-element_type=\"column\" data-settings=\"{&quot;animation&quot;:&quot;slideInDown&quot;,&quot;animation_delay&quot;:100}\">\n\t\t\t<div class=\"elementor-column-wrap  elementor-element-populated\">\n\t\t\t\t\t<div class=\"elementor-widget-wrap\">\n\t\t\t\t<div class=\"elementor-element elementor-element-aa3762f elementor-widget elementor-widget-image\" data-id=\"aa3762f\" data-element_type=\"widget\" data-widget_type=\"image.default\">\n\t\t\t\t<div class=\"elementor-widget-container\">\n\t\t\t\t\t<div class=\"elementor-image\">\n\t\t\t\t\t\t\t\t\t\t\t<a href=\"\/index.php\/microhome_m\/\">\n\t\t\t\t\t\t\t<img width=\"583\" height=\"1024\" src=\"https:\/\/deltanet.hu\/wp-content\/uploads\/2019\/01\/Rajzt\u00e1bla-7-583x1024.png\" class=\"elementor-animation-pulse-grow attachment-large size-large\" alt=\"\" decoding=\"async\" loading=\"lazy\" srcset=\"https:\/\/deltanet.hu\/wp-content\/uploads\/2019\/01\/Rajzt\u00e1bla-7-583x1024.png 583w, https:\/\/deltanet.hu\/wp-content\/uploads\/2019\/01\/Rajzt\u00e1bla-7-171x300.png 171w, https:\/\/deltanet.hu\/wp-content\/uploads\/2019\/01\/Rajzt\u00e1bla-7-768x1348.png 768w, https:\/\/deltanet.hu\/wp-content\/uploads\/2019\/01\/Rajzt\u00e1bla-7.png 845w\" sizes=\"(max-width: 583px) 100vw, 583px\" \/>\t\t\t\t\t\t\t\t<\/a>\n\t\t\t\t\t\t\t\t\t\t\t<\/div>\n\t\t\t\t<\/div>\n\t\t\t\t<\/div>\n\t\t\t\t\t\t<\/div>\n\t\t\t<\/div>\n\t\t<\/div>\n\t\t\t\t<div class=\"elementor-element elementor-element-e56276b elementor-invisible elementor-column elementor-col-20 elementor-top-column\" data-id=\"e56276b\" data-element_type=\"column\" data-settings=\"{&quot;animation&quot;:&quot;slideInDown&quot;,&quot;animation_delay&quot;:200}\">\n\t\t\t<div class=\"elementor-column-wrap  elementor-element-populated\">\n\t\t\t\t\t<div class=\"elementor-widget-wrap\">\n\t\t\t\t<div class=\"elementor-element elementor-element-821b220 elementor-widget elementor-widget-image\" data-id=\"821b220\" data-element_type=\"widget\" data-widget_type=\"image.default\">\n\t\t\t\t<div class=\"elementor-widget-container\">\n\t\t\t\t\t<div class=\"elementor-image\">\n\t\t\t\t\t\t\t\t\t\t\t<a href=\"\/index.php\/microhome-l\/\">\n\t\t\t\t\t\t\t<img width=\"583\" height=\"1024\" src=\"https:\/\/deltanet.hu\/wp-content\/uploads\/2019\/01\/Rajzt\u00e1bla-8-583x1024.png\" class=\"elementor-animation-pulse-grow attachment-large size-large\" alt=\"\" decoding=\"async\" loading=\"lazy\" srcset=\"https:\/\/deltanet.hu\/wp-content\/uploads\/2019\/01\/Rajzt\u00e1bla-8-583x1024.png 583w, https:\/\/deltanet.hu\/wp-content\/uploads\/2019\/01\/Rajzt\u00e1bla-8-171x300.png 171w, https:\/\/deltanet.hu\/wp-content\/uploads\/2019\/01\/Rajzt\u00e1bla-8-768x1348.png 768w, https:\/\/deltanet.hu\/wp-content\/uploads\/2019\/01\/Rajzt\u00e1bla-8.png 845w\" sizes=\"(max-width: 583px) 100vw, 583px\" \/>\t\t\t\t\t\t\t\t<\/a>\n\t\t\t\t\t\t\t\t\t\t\t<\/div>\n\t\t\t\t<\/div>\n\t\t\t\t<\/div>\n\t\t\t\t\t\t<\/div>\n\t\t\t<\/div>\n\t\t<\/div>\n\t\t\t\t<div class=\"elementor-element elementor-element-8a4202d elementor-invisible elementor-column elementor-col-20 elementor-top-column\" data-id=\"8a4202d\" data-element_type=\"column\" data-settings=\"{&quot;animation&quot;:&quot;slideInDown&quot;,&quot;animation_delay&quot;:300}\">\n\t\t\t<div class=\"elementor-column-wrap  elementor-element-populated\">\n\t\t\t\t\t<div class=\"elementor-widget-wrap\">\n\t\t\t\t<div class=\"elementor-element elementor-element-501cddf elementor-widget elementor-widget-image\" data-id=\"501cddf\" data-element_type=\"widget\" data-widget_type=\"image.default\">\n\t\t\t\t<div class=\"elementor-widget-container\">\n\t\t\t\t\t<div class=\"elementor-image\">\n\t\t\t\t\t\t\t\t\t\t\t<a href=\"\/index.php\/microhome-xl\/\">\n\t\t\t\t\t\t\t<img width=\"583\" height=\"1024\" src=\"https:\/\/deltanet.hu\/wp-content\/uploads\/2019\/01\/Rajzt\u00e1bla-9-583x1024.png\" class=\"elementor-animation-pulse-grow attachment-large size-large\" alt=\"\" decoding=\"async\" loading=\"lazy\" srcset=\"https:\/\/deltanet.hu\/wp-content\/uploads\/2019\/01\/Rajzt\u00e1bla-9-583x1024.png 583w, https:\/\/deltanet.hu\/wp-content\/uploads\/2019\/01\/Rajzt\u00e1bla-9-171x300.png 171w, https:\/\/deltanet.hu\/wp-content\/uploads\/2019\/01\/Rajzt\u00e1bla-9-768x1348.png 768w, https:\/\/deltanet.hu\/wp-content\/uploads\/2019\/01\/Rajzt\u00e1bla-9.png 845w\" sizes=\"(max-width: 583px) 100vw, 583px\" \/>\t\t\t\t\t\t\t\t<\/a>\n\t\t\t\t\t\t\t\t\t\t\t<\/div>\n\t\t\t\t<\/div>\n\t\t\t\t<\/div>\n\t\t\t\t\t\t<\/div>\n\t\t\t<\/div>\n\t\t<\/div>\n\t\t\t\t<div class=\"elementor-element elementor-element-4839619 elementor-invisible elementor-column elementor-col-20 elementor-top-column\" data-id=\"4839619\" data-element_type=\"column\" data-settings=\"{&quot;animation&quot;:&quot;slideInDown&quot;,&quot;animation_delay&quot;:400}\">\n\t\t\t<div class=\"elementor-column-wrap  elementor-element-populated\">\n\t\t\t\t\t<div class=\"elementor-widget-wrap\">\n\t\t\t\t<div class=\"elementor-element elementor-element-c556ed8 elementor-widget elementor-widget-image\" data-id=\"c556ed8\" data-element_type=\"widget\" data-widget_type=\"image.default\">\n\t\t\t\t<div class=\"elementor-widget-container\">\n\t\t\t\t\t<div class=\"elementor-image\">\n\t\t\t\t\t\t\t\t\t\t\t<a href=\"\/index.php\/microhome-xxl\/\">\n\t\t\t\t\t\t\t<img width=\"583\" height=\"1024\" src=\"https:\/\/deltanet.hu\/wp-content\/uploads\/2019\/01\/Rajzt\u00e1bla-10-583x1024.png\" class=\"elementor-animation-pulse-grow attachment-large size-large\" alt=\"\" decoding=\"async\" loading=\"lazy\" srcset=\"https:\/\/deltanet.hu\/wp-content\/uploads\/2019\/01\/Rajzt\u00e1bla-10-583x1024.png 583w, https:\/\/deltanet.hu\/wp-content\/uploads\/2019\/01\/Rajzt\u00e1bla-10-171x300.png 171w, https:\/\/deltanet.hu\/wp-content\/uploads\/2019\/01\/Rajzt\u00e1bla-10-768x1348.png 768w, https:\/\/deltanet.hu\/wp-content\/uploads\/2019\/01\/Rajzt\u00e1bla-10.png 845w\" sizes=\"(max-width: 583px) 100vw, 583px\" \/>\t\t\t\t\t\t\t\t<\/a>\n\t\t\t\t\t\t\t\t\t\t\t<\/div>\n\t\t\t\t<\/div>\n\t\t\t\t<\/div>\n\t\t\t\t\t\t<\/div>\n\t\t\t<\/div>\n\t\t<\/div>\n\t\t\t\t\t\t<\/div>\n\t\t\t<\/div>\n\t\t<\/section>\n\t\t\t\t<section class=\"elementor-element elementor-element-a1e12fb elementor-section-boxed elementor-section-height-default elementor-section-height-default elementor-section elementor-top-section\" data-id=\"a1e12fb\" data-element_type=\"section\">\n\t\t\t\t\t\t<div class=\"elementor-container elementor-column-gap-default\">\n\t\t\t\t<div class=\"elementor-row\">\n\t\t\t\t<div class=\"elementor-element elementor-element-7fa89c8 elementor-column elementor-col-100 elementor-top-column\" data-id=\"7fa89c8\" data-element_type=\"column\">\n\t\t\t<div class=\"elementor-column-wrap\">\n\t\t\t\t\t<div class=\"elementor-widget-wrap\">\n\t\t\t\t\t\t<\/div>\n\t\t\t<\/div>\n\t\t<\/div>\n\t\t\t\t\t\t<\/div>\n\t\t\t<\/div>\n\t\t<\/section>\n\t\t\t\t\t\t<\/div>\n\t\t\t<\/div>\n\t\t<\/div>\n\t\t","protected":false},"excerpt":{"rendered":"<p>Micro Home XS-es csomag Csak m\u00e1r megl\u00e9v\u0151 szerz\u0151d\u00e9s \u00fajrak\u00f6t\u00e9se eset\u00e9n! * Elektronikus fizet\u00e9si m\u00f3d: -500 Ft.-\/h\u00f3, \u00e1tutal\u00e1ssal, vagy csoportos beszed\u00e9si megb\u00edz\u00e1ssal, emailben k\u00fcld\u00f6tt pdf form\u00e1tum\u00fa<\/p>\n","protected":false},"author":10,"featured_media":2008,"parent":0,"menu_order":1,"comment_status":"closed","ping_status":"closed","template":"page-templates\/template-portfolio.php","meta":{"_mi_skip_tracking":false},"_links":{"self":[{"href":"https:\/\/deltanet.hu\/index.php\/wp-json\/wp\/v2\/pages\/1145"}],"collection":[{"href":"https:\/\/deltanet.hu\/index.php\/wp-json\/wp\/v2\/pages"}],"about":[{"href":"https:\/\/deltanet.hu\/index.php\/wp-json\/wp\/v2\/types\/page"}],"author":[{"embeddable":true,"href":"https:\/\/deltanet.hu\/index.php\/wp-json\/wp\/v2\/users\/10"}],"replies":[{"embeddable":true,"href":"https:\/\/deltanet.hu\/index.php\/wp-json\/wp\/v2\/comments?post=1145"}],"version-history":[{"count":51,"href":"https:\/\/deltanet.hu\/index.php\/wp-json\/wp\/v2\/pages\/1145\/revisions"}],"predecessor-version":[{"id":3836,"href":"https:\/\/deltanet.hu\/index.php\/wp-json\/wp\/v2\/pages\/1145\/revisions\/3836"}],"wp:featuredmedia":[{"embeddable":true,"href":"https:\/\/deltanet.hu\/index.php\/wp-json\/wp\/v2\/media\/2008"}],"wp:attachment":[{"href":"https:\/\/deltanet.hu\/index.php\/wp-json\/wp\/v2\/media?parent=1145"}],"curies":[{"name":"wp","href":"https:\/\/api.w.org\/{rel}","templated":true}]}}