{"id":1657,"date":"2018-11-19T14:39:35","date_gmt":"2018-11-19T14:39:35","guid":{"rendered":"http:\/\/alfasites.hu\/?page_id=1657"},"modified":"2019-01-31T09:55:43","modified_gmt":"2019-01-31T09:55:43","slug":"3in1-csomag-hetenyegyhazan","status":"publish","type":"page","link":"https:\/\/deltanet.hu\/index.php\/szolgaltatasaink\/3in1-csomag-hetenyegyhazan\/","title":{"rendered":"3in1 csomag Het\u00e9nyegyh\u00e1z\u00e1n"},"content":{"rendered":"\t\t<div data-elementor-type=\"wp-post\" data-elementor-id=\"1657\" class=\"elementor elementor-1657 elementor-bc-flex-widget\" data-elementor-settings=\"[]\">\n\t\t\t<div class=\"elementor-inner\">\n\t\t\t\t<div class=\"elementor-section-wrap\">\n\t\t\t\t\t\t\t<section class=\"elementor-element elementor-element-d69e6d3 elementor-section-stretched elementor-section-boxed elementor-section-height-default elementor-section-height-default elementor-section elementor-top-section\" data-id=\"d69e6d3\" data-element_type=\"section\" data-settings=\"{&quot;stretch_section&quot;:&quot;section-stretched&quot;}\">\n\t\t\t\t\t\t<div class=\"elementor-container elementor-column-gap-default\">\n\t\t\t\t<div class=\"elementor-row\">\n\t\t\t\t<div class=\"elementor-element elementor-element-a3c3069 elementor-column elementor-col-100 elementor-top-column\" data-id=\"a3c3069\" data-element_type=\"column\">\n\t\t\t<div class=\"elementor-column-wrap  elementor-element-populated\">\n\t\t\t\t\t<div class=\"elementor-widget-wrap\">\n\t\t\t\t<div class=\"elementor-element elementor-element-687bbbc elementor-headline--style-highlight elementor-widget elementor-widget-animated-headline\" data-id=\"687bbbc\" data-element_type=\"widget\" data-settings=\"{&quot;highlighted_text&quot;:&quot;3in1 &quot;,&quot;headline_style&quot;:&quot;highlight&quot;,&quot;marker&quot;:&quot;circle&quot;}\" data-widget_type=\"animated-headline.default\">\n\t\t\t\t<div class=\"elementor-widget-container\">\n\t\t\t\t\t<h3 class=\"elementor-headline\">\n\t\t\t\t\t\t\t<span class=\"elementor-headline-plain-text elementor-headline-text-wrapper\">V\u00e1ltson most <\/span>\n\t\t\t\t\t\t<span class=\"elementor-headline-dynamic-wrapper elementor-headline-text-wrapper\"><\/span>\n\t\t\t\t\t\t\t<span class=\"elementor-headline-plain-text elementor-headline-text-wrapper\">csomagra!<\/span>\n\t\t\t\t\t<\/h3>\n\t\t\t\t<\/div>\n\t\t\t\t<\/div>\n\t\t\t\t\t\t<\/div>\n\t\t\t<\/div>\n\t\t<\/div>\n\t\t\t\t\t\t<\/div>\n\t\t\t<\/div>\n\t\t<\/section>\n\t\t\t\t<section class=\"elementor-element elementor-element-4028b595 elementor-section-content-middle elementor-section-stretched elementor-section-boxed elementor-section-height-default elementor-section-height-default elementor-section elementor-top-section\" data-id=\"4028b595\" data-element_type=\"section\" data-settings=\"{&quot;stretch_section&quot;:&quot;section-stretched&quot;}\">\n\t\t\t\t\t\t<div class=\"elementor-container elementor-column-gap-no\">\n\t\t\t\t<div class=\"elementor-row\">\n\t\t\t\t<div class=\"elementor-element elementor-element-38de49ef elementor-column elementor-col-50 elementor-top-column\" data-id=\"38de49ef\" data-element_type=\"column\">\n\t\t\t<div class=\"elementor-column-wrap  elementor-element-populated\">\n\t\t\t\t\t<div class=\"elementor-widget-wrap\">\n\t\t\t\t<div class=\"elementor-element elementor-element-424e7f97 elementor-widget elementor-widget-image\" data-id=\"424e7f97\" data-element_type=\"widget\" data-widget_type=\"image.default\">\n\t\t\t\t<div class=\"elementor-widget-container\">\n\t\t\t\t\t<div class=\"elementor-image\">\n\t\t\t\t\t\t\t\t\t\t<img width=\"608\" height=\"346\" src=\"https:\/\/deltanet.hu\/wp-content\/uploads\/2018\/11\/3in1csomagok.png\" class=\"elementor-animation-pulse attachment-full size-full\" alt=\"\" decoding=\"async\" loading=\"lazy\" srcset=\"https:\/\/deltanet.hu\/wp-content\/uploads\/2018\/11\/3in1csomagok.png 608w, https:\/\/deltanet.hu\/wp-content\/uploads\/2018\/11\/3in1csomagok-300x171.png 300w\" sizes=\"(max-width: 608px) 100vw, 608px\" \/>\t\t\t\t\t\t\t\t\t\t\t<\/div>\n\t\t\t\t<\/div>\n\t\t\t\t<\/div>\n\t\t\t\t\t\t<\/div>\n\t\t\t<\/div>\n\t\t<\/div>\n\t\t\t\t<div class=\"elementor-element elementor-element-541e41b7 elementor-column elementor-col-50 elementor-top-column\" data-id=\"541e41b7\" data-element_type=\"column\">\n\t\t\t<div class=\"elementor-column-wrap  elementor-element-populated\">\n\t\t\t\t\t<div class=\"elementor-widget-wrap\">\n\t\t\t\t<div class=\"elementor-element elementor-element-e20c72a elementor-view-default elementor-vertical-align-top elementor-invisible elementor-widget elementor-widget-icon-box\" data-id=\"e20c72a\" data-element_type=\"widget\" data-settings=\"{&quot;_animation&quot;:&quot;slideInRight&quot;,&quot;_animation_delay&quot;:100}\" data-widget_type=\"icon-box.default\">\n\t\t\t\t<div class=\"elementor-widget-container\">\n\t\t\t\t\t<div class=\"elementor-icon-box-wrapper\">\n\t\t\t\t\t\t<div class=\"elementor-icon-box-content\">\n\t\t\t\t<h3 class=\"elementor-icon-box-title\">\n\t\t\t\t\t<span >internet<\/span>\n\t\t\t\t<\/h3>\n\t\t\t\t\t\t\t\t<p class=\"elementor-icon-box-description\">ak\u00e1r 100 Mbit\/s<\/p>\n\t\t\t\t\t\t\t<\/div>\n\t\t<\/div>\n\t\t\t\t<\/div>\n\t\t\t\t<\/div>\n\t\t\t\t<div class=\"elementor-element elementor-element-1c0fd358 elementor-view-default elementor-vertical-align-top elementor-invisible elementor-widget elementor-widget-icon-box\" data-id=\"1c0fd358\" data-element_type=\"widget\" data-settings=\"{&quot;_animation&quot;:&quot;slideInRight&quot;,&quot;_animation_delay&quot;:200}\" data-widget_type=\"icon-box.default\">\n\t\t\t\t<div class=\"elementor-widget-container\">\n\t\t\t\t\t<div class=\"elementor-icon-box-wrapper\">\n\t\t\t\t\t\t<div class=\"elementor-icon-box-content\">\n\t\t\t\t<h3 class=\"elementor-icon-box-title\">\n\t\t\t\t\t<span >telefon<\/span>\n\t\t\t\t<\/h3>\n\t\t\t\t\t\t\t\t<p class=\"elementor-icon-box-description\">h\u00e1l\u00f3zat bel\u00fcl ingyenes telefon\u00e1l\u00e1s<\/p>\n\t\t\t\t\t\t\t<\/div>\n\t\t<\/div>\n\t\t\t\t<\/div>\n\t\t\t\t<\/div>\n\t\t\t\t<div class=\"elementor-element elementor-element-590aee0d elementor-view-default elementor-vertical-align-top elementor-invisible elementor-widget elementor-widget-icon-box\" data-id=\"590aee0d\" data-element_type=\"widget\" data-settings=\"{&quot;_animation&quot;:&quot;zoomInRight&quot;,&quot;_animation_delay&quot;:300}\" data-widget_type=\"icon-box.default\">\n\t\t\t\t<div class=\"elementor-widget-container\">\n\t\t\t\t\t<div class=\"elementor-icon-box-wrapper\">\n\t\t\t\t\t\t<div class=\"elementor-icon-box-content\">\n\t\t\t\t<h3 class=\"elementor-icon-box-title\">\n\t\t\t\t\t<span >Tv<\/span>\n\t\t\t\t<\/h3>\n\t\t\t\t\t\t\t\t<p class=\"elementor-icon-box-description\">100+ 31 HD csatorna<\/p>\n\t\t\t\t\t\t\t<\/div>\n\t\t<\/div>\n\t\t\t\t<\/div>\n\t\t\t\t<\/div>\n\t\t\t\t\t\t<\/div>\n\t\t\t<\/div>\n\t\t<\/div>\n\t\t\t\t\t\t<\/div>\n\t\t\t<\/div>\n\t\t<\/section>\n\t\t\t\t<section class=\"elementor-element elementor-element-ece7b3a elementor-section-stretched elementor-section-boxed elementor-section-height-default elementor-section-height-default elementor-section elementor-top-section\" data-id=\"ece7b3a\" data-element_type=\"section\" data-settings=\"{&quot;stretch_section&quot;:&quot;section-stretched&quot;}\">\n\t\t\t\t\t\t<div class=\"elementor-container elementor-column-gap-default\">\n\t\t\t\t<div class=\"elementor-row\">\n\t\t\t\t<div class=\"elementor-element elementor-element-22d3572 elementor-column elementor-col-100 elementor-top-column\" data-id=\"22d3572\" data-element_type=\"column\">\n\t\t\t<div class=\"elementor-column-wrap  elementor-element-populated\">\n\t\t\t\t\t<div class=\"elementor-widget-wrap\">\n\t\t\t\t<div class=\"elementor-element elementor-element-70ad949 elementor-widget elementor-widget-heading\" data-id=\"70ad949\" data-element_type=\"widget\" data-widget_type=\"heading.default\">\n\t\t\t\t<div class=\"elementor-widget-container\">\n\t\t\t<h2 class=\"elementor-heading-title elementor-size-default\">T\u00f6ltse ki \u0171rlapunkat \u00e9s koll\u00e9g\u00e1ink visszah\u00edvj\u00e1k!<\/h2>\t\t<\/div>\n\t\t\t\t<\/div>\n\t\t\t\t<div class=\"elementor-element elementor-element-80a8bdb elementor-widget elementor-widget-text-editor\" data-id=\"80a8bdb\" data-element_type=\"widget\" data-widget_type=\"text-editor.default\">\n\t\t\t\t<div class=\"elementor-widget-container\">\n\t\t\t\t\t<div class=\"elementor-text-editor elementor-clearfix\"><p>Az \u00d6n \u00e1ltal bek\u00fcld\u00f6tt \u0171rlap nem min\u0151s\u00fcl hivatalos aj\u00e1nlatt\u00e9telnek vagy szerz\u0151d\u00e9sk\u00f6t\u00e9snek. A megadott el\u00e9rhet\u0151s\u00e9gen koll\u00e9g\u00e1ink felveszik \u00d6nnel a kapcsolatot a teljes k\u00f6r\u0171 t\u00e1j\u00e9koztat\u00e1s \u00e9rdek\u00e9ben.<\/p><\/div>\n\t\t\t\t<\/div>\n\t\t\t\t<\/div>\n\t\t\t\t\t\t<\/div>\n\t\t\t<\/div>\n\t\t<\/div>\n\t\t\t\t\t\t<\/div>\n\t\t\t<\/div>\n\t\t<\/section>\n\t\t\t\t<section class=\"elementor-element elementor-element-efc85db elementor-section-boxed elementor-section-height-default elementor-section-height-default elementor-section elementor-top-section\" data-id=\"efc85db\" data-element_type=\"section\">\n\t\t\t\t\t\t<div class=\"elementor-container elementor-column-gap-default\">\n\t\t\t\t<div class=\"elementor-row\">\n\t\t\t\t<div class=\"elementor-element elementor-element-410e99c elementor-column elementor-col-100 elementor-top-column\" data-id=\"410e99c\" data-element_type=\"column\">\n\t\t\t<div class=\"elementor-column-wrap  elementor-element-populated\">\n\t\t\t\t\t<div class=\"elementor-widget-wrap\">\n\t\t\t\t<div class=\"elementor-element elementor-element-9cffadc elementor-widget elementor-widget-spacer\" data-id=\"9cffadc\" data-element_type=\"widget\" data-widget_type=\"spacer.default\">\n\t\t\t\t<div class=\"elementor-widget-container\">\n\t\t\t\t\t<div class=\"elementor-spacer\">\n\t\t\t<div class=\"elementor-spacer-inner\"><\/div>\n\t\t<\/div>\n\t\t\t\t<\/div>\n\t\t\t\t<\/div>\n\t\t\t\t<div class=\"elementor-element elementor-element-05fa6e6 elementor-widget elementor-widget-shortcode\" data-id=\"05fa6e6\" data-element_type=\"widget\" data-widget_type=\"shortcode.default\">\n\t\t\t\t<div class=\"elementor-widget-container\">\n\t\t\t\t\t<div class=\"elementor-shortcode\"><div class=\"everest-forms\"><div class=\"evf-container default\" id=\"evf-1681\"><form id=\"evf-form-1681\" class=\"everest-form\" data-formid=\"1681\" data-ajax_submission=\"0\" method=\"post\" enctype=\"multipart\/form-data\" action=\"\/index.php\/wp-json\/wp\/v2\/pages\/1657\"><div class=\"evf-field-container\"><input type=\"hidden\" id=\"_wpnonce\" name=\"_wpnonce\" value=\"fe7dad3be3\" \/><input type=\"hidden\" name=\"_wp_http_referer\" value=\"\/index.php\/wp-json\/wp\/v2\/pages\/1657\" \/><div class=\"evf-frontend-row\" data-row=\"row_6\"><div class=\"evf-frontend-grid evf-grid-1\" data-grid=\"grid_1\"><div id=\"evf-1681-field_711SAuiNjF-30-container\" class=\"evf-field evf-field-last-name form-row validate-required\" data-required-field-message=\"A mez\u0151 kit\u00f6lt\u00e9se k\u00f6telez\u0151.\" data-field-id=\"711SAuiNjF-30\"><label class=\"evf-field-label\" for=\"evf-1681-field_711SAuiNjF-30\"><span class=\"evf-label\">Az \u00d6n neve<\/span> <abbr class=\"required\" title=\"Required\">*<\/abbr><\/label><input type=\"text\" id=\"evf-1681-field_711SAuiNjF-30\" class=\"input-text\" name=\"everest_forms[form_fields][711SAuiNjF-30]\" required><\/div><div id=\"evf-1681-field_d4WZqF1OTt-33-container\" class=\"evf-field evf-field-email form-row validate-required validate-email\" data-required-field-message=\"K\u00e9rj\u00fck val\u00f3s e-mail c\u00edmet adjon meg!\" data-field-id=\"d4WZqF1OTt-33\"><label class=\"evf-field-label\" for=\"evf-1681-field_d4WZqF1OTt-33\"><span class=\"evf-label\">Email c\u00edme<\/span> <abbr class=\"required\" title=\"Required\">*<\/abbr><\/label><input type=\"email\" id=\"evf-1681-field_d4WZqF1OTt-33\" class=\"input-text\" name=\"everest_forms[form_fields][d4WZqF1OTt-33]\" required><\/div><div id=\"evf-1681-field_nJgTAeVkQe-31-container\" class=\"evf-field evf-field-text form-row validate-required\" data-required-field-message=\"A mez\u0151 kit\u00f6lt\u00e9se k\u00f6telez\u0151.\" data-field-id=\"nJgTAeVkQe-31\"><label class=\"evf-field-label\" for=\"evf-1681-field_nJgTAeVkQe-31\"><span class=\"evf-label\">Az \u00d6n telefonsz\u00e1ma, melyen Koll\u00e9g\u00e1ink visszatudj\u00e1k h\u00edvni:<\/span> <abbr class=\"required\" title=\"Required\">*<\/abbr><\/label><input type=\"text\" id=\"evf-1681-field_nJgTAeVkQe-31\" class=\"input-text\" name=\"everest_forms[form_fields][nJgTAeVkQe-31]\" required><\/div><div id=\"evf-1681-field_kMwsFJfA13-58-container\" class=\"evf-field evf-field-last-name form-row validate-required\" data-required-field-message=\"A mez\u0151 kit\u00f6lt\u00e9se k\u00f6telez\u0151.\" data-field-id=\"kMwsFJfA13-58\"><label class=\"evf-field-label\" for=\"evf-1681-field_kMwsFJfA13-58\"><span class=\"evf-label\">Pontos c\u00edm, ahol ig\u00e9nybe szeretn\u00e9 venni a szolg\u00e1ltat\u00e1st<\/span> <abbr class=\"required\" title=\"Required\">*<\/abbr><\/label><input type=\"text\" id=\"evf-1681-field_kMwsFJfA13-58\" class=\"input-text\" name=\"everest_forms[form_fields][kMwsFJfA13-58]\" required><\/div><div id=\"evf-1681-field_8WRVxfn5Sq-56-container\" class=\"evf-field evf-field-textarea form-row\" data-field-id=\"8WRVxfn5Sq-56\"><label class=\"evf-field-label\" for=\"evf-1681-field_8WRVxfn5Sq-56\"><span class=\"evf-label\">Egy\u00e9b \u00fczenet, k\u00e9rd\u00e9sek, speci\u00e1lis ig\u00e9nyek:<\/span> <\/label><textarea id=\"evf-1681-field_8WRVxfn5Sq-56\" class=\"input-text\" name=\"everest_forms[form_fields][8WRVxfn5Sq-56]\" ><\/textarea><\/div><\/div><\/div><\/div><div class=\"evf-honeypot-container evf-field-hp\"><label for=\"evf-1681-field-hp\" class=\"evf-field-label\">Message<\/label><input type=\"text\" name=\"everest_forms[hp]\" id=\"evf-1681-field-hp\" class=\"input-text\"><\/div><div class=\"evf-submit-container \" ><input type=\"hidden\" name=\"everest_forms[id]\" value=\"1681\"><input type=\"hidden\" name=\"everest_forms[author]\" value=\"10\"><button type='submit' name='everest_forms[submit]' class='everest-forms-submit-button button evf-submit ' id='evf-submit-1681' value='evf-submit' data-process-text=\"Processing\u2026\" conditional_rules='\"\"' conditional_id='evf-submit-1681' >K\u00fcld\u00e9s<\/button><\/div><\/form><\/div><!-- .evf-container --><\/div><\/div>\n\t\t\t\t<\/div>\n\t\t\t\t<\/div>\n\t\t\t\t\t\t<\/div>\n\t\t\t<\/div>\n\t\t<\/div>\n\t\t\t\t\t\t<\/div>\n\t\t\t<\/div>\n\t\t<\/section>\n\t\t\t\t\t\t<\/div>\n\t\t\t<\/div>\n\t\t<\/div>\n\t\t","protected":false},"excerpt":{"rendered":"<p>V\u00e1ltson most csomagra! internet ak\u00e1r 100 Mbit\/s telefon h\u00e1l\u00f3zat bel\u00fcl ingyenes telefon\u00e1l\u00e1s Tv 100+ 31 HD csatorna T\u00f6ltse ki \u0171rlapunkat \u00e9s koll\u00e9g\u00e1ink visszah\u00edvj\u00e1k! Az \u00d6n<\/p>\n","protected":false},"author":10,"featured_media":0,"parent":541,"menu_order":0,"comment_status":"closed","ping_status":"closed","template":"","meta":{"_mi_skip_tracking":false},"_links":{"self":[{"href":"https:\/\/deltanet.hu\/index.php\/wp-json\/wp\/v2\/pages\/1657"}],"collection":[{"href":"https:\/\/deltanet.hu\/index.php\/wp-json\/wp\/v2\/pages"}],"about":[{"href":"https:\/\/deltanet.hu\/index.php\/wp-json\/wp\/v2\/types\/page"}],"author":[{"embeddable":true,"href":"https:\/\/deltanet.hu\/index.php\/wp-json\/wp\/v2\/users\/10"}],"replies":[{"embeddable":true,"href":"https:\/\/deltanet.hu\/index.php\/wp-json\/wp\/v2\/comments?post=1657"}],"version-history":[{"count":16,"href":"https:\/\/deltanet.hu\/index.php\/wp-json\/wp\/v2\/pages\/1657\/revisions"}],"predecessor-version":[{"id":3796,"href":"https:\/\/deltanet.hu\/index.php\/wp-json\/wp\/v2\/pages\/1657\/revisions\/3796"}],"up":[{"embeddable":true,"href":"https:\/\/deltanet.hu\/index.php\/wp-json\/wp\/v2\/pages\/541"}],"wp:attachment":[{"href":"https:\/\/deltanet.hu\/index.php\/wp-json\/wp\/v2\/media?parent=1657"}],"curies":[{"name":"wp","href":"https:\/\/api.w.org\/{rel}","templated":true}]}}