{"id":2428,"date":"2019-01-08T14:50:54","date_gmt":"2019-01-08T14:50:54","guid":{"rendered":"http:\/\/alfasites.hu\/?page_id=2428"},"modified":"2019-01-24T12:24:46","modified_gmt":"2019-01-24T12:24:46","slug":"elektronikus-szamla","status":"publish","type":"page","link":"https:\/\/deltanet.hu\/index.php\/elektronikus-szamla\/","title":{"rendered":"Elektronikus sz\u00e1mla"},"content":{"rendered":"<div class=\"row main-title\">\n<h2 class=\"col-md-6 col-md-pull-6 category-title\">Elektronikus sz\u00e1mla<\/h2>\n<\/div>\n<div class=\"row\">\n<div class=\"col-md-12 wysiwyg-content\">\n<p>\u00dcgyfeleink a hagyom\u00e1nyos, pap\u00edr alap\u00fa sz\u00e1mla mellett m\u00e1r elektronikus form\u00e1ban is ig\u00e9nyelhetik sz\u00e1ml\u00e1jukat.<\/p>\n<p><strong>Mi\u00e9rt \u00e9rdemes az elektronikus sz\u00e1ml\u00e1t v\u00e1lasztania?<\/strong><\/p>\n<ul>\n<li><strong>V\u00e9ge a pap\u00edrmunk\u00e1nak: <\/strong>Az e-sz\u00e1mla elektronikus form\u00e1ban \u00e9rhet\u0151 el, \u00edgy nem kell t\u00f6bb\u00e9 a postal\u00e1d\u00e1j\u00e1t el\u00f6nt\u0151 pap\u00edrhalommal k\u00fczdenie.<\/li>\n<li><strong>K\u00f6rnyezetbar\u00e1t:<\/strong> Az elektronikus form\u00e1nak k\u00f6sz\u00f6nhet\u0151en sokkal k\u00f6rnyezetk\u00edm\u00e9l\u0151bb megold\u00e1s.<\/li>\n<li><strong>Gyors: <\/strong>A ki\u00e1ll\u00edt\u00e1st k\u00f6vet\u0151en azonnal megkapja az \u00d6n \u00e1ltal megadott email c\u00edmre.<\/li>\n<li><strong>Biztons\u00e1gos:<\/strong> Az sz\u00e1ml\u00e1t kiz\u00e1r\u00f3lag \u00d6n \u00e1ltal megadott emailc\u00edmen k\u00fcldj\u00fck ki pdf form\u00e1tumban.<\/li>\n<li><strong>Ingyenes: <\/strong>Elektronikus sz\u00e1mla szolg\u00e1ltat\u00e1sunkat d\u00edjmentesen biztos\u00edtjuk \u00fcgyfeleinknek.<\/li>\n<\/ul>\n<p><strong>\u00d6n m\u00e9g nem regisztr\u00e1lt elektronikus sz\u00e1mla szolg\u00e1ltat\u00e1sunkra, de szeretne \u00e1tt\u00e9rni? Regisztr\u00e1ljon most!<\/strong><\/p>\n<ul>\n<li>Telefonon a 1290-es telefonsz\u00e1mon,<\/li>\n<li>szem\u00e9lyesen \u00fcgyf\u00e9lszolg\u00e1lati irod\u00e1inkban,<\/li>\n<li>vagy online, Elektronikus sz\u00e1mla ig\u00e9nyl\u00e9s men\u00fcpontban!<\/li>\n<\/ul>\n<p><strong>Figyelem:\u00a0<\/strong><br \/>\nAmennyiben az elektronikus sz\u00e1ml\u00e1t v\u00e1lasztja, megsz\u0171nik a csekkes sz\u00e1mla k\u00fcld\u00e9se. V\u00e1laszthatja ugyanakkor az \u00e1tutal\u00e1st, a csoportos beszed\u00e9si megb\u00edz\u00e1st.<\/p>\n<\/div>\n<\/div>\n","protected":false},"excerpt":{"rendered":"<p>Elektronikus sz\u00e1mla \u00dcgyfeleink a hagyom\u00e1nyos, pap\u00edr alap\u00fa sz\u00e1mla mellett m\u00e1r elektronikus form\u00e1ban is ig\u00e9nyelhetik sz\u00e1ml\u00e1jukat. Mi\u00e9rt \u00e9rdemes az elektronikus sz\u00e1ml\u00e1t v\u00e1lasztania? V\u00e9ge a pap\u00edrmunk\u00e1nak: Az<\/p>\n","protected":false},"author":10,"featured_media":0,"parent":0,"menu_order":0,"comment_status":"closed","ping_status":"closed","template":"","meta":{"_mi_skip_tracking":false},"_links":{"self":[{"href":"https:\/\/deltanet.hu\/index.php\/wp-json\/wp\/v2\/pages\/2428"}],"collection":[{"href":"https:\/\/deltanet.hu\/index.php\/wp-json\/wp\/v2\/pages"}],"about":[{"href":"https:\/\/deltanet.hu\/index.php\/wp-json\/wp\/v2\/types\/page"}],"author":[{"embeddable":true,"href":"https:\/\/deltanet.hu\/index.php\/wp-json\/wp\/v2\/users\/10"}],"replies":[{"embeddable":true,"href":"https:\/\/deltanet.hu\/index.php\/wp-json\/wp\/v2\/comments?post=2428"}],"version-history":[{"count":3,"href":"https:\/\/deltanet.hu\/index.php\/wp-json\/wp\/v2\/pages\/2428\/revisions"}],"predecessor-version":[{"id":3580,"href":"https:\/\/deltanet.hu\/index.php\/wp-json\/wp\/v2\/pages\/2428\/revisions\/3580"}],"wp:attachment":[{"href":"https:\/\/deltanet.hu\/index.php\/wp-json\/wp\/v2\/media?parent=2428"}],"curies":[{"name":"wp","href":"https:\/\/api.w.org\/{rel}","templated":true}]}}