{"id":295,"date":"2015-07-20T11:16:27","date_gmt":"2015-07-20T11:16:27","guid":{"rendered":"http:\/\/demo.themegrill.com\/himalayas\/?page_id=63"},"modified":"2022-04-22T17:31:25","modified_gmt":"2022-04-22T15:31:25","slug":"hibabejelentes","status":"publish","type":"page","link":"https:\/\/deltanet.hu\/index.php\/hibabejelentes\/","title":{"rendered":"Hibabejelent\u00e9s"},"content":{"rendered":"\n<figure class=\"wp-block-image size-full is-resized is-style-default\"><img decoding=\"async\" src=\"https:\/\/deltanet.hu\/wp-content\/uploads\/2022\/04\/hibabejelente\u0301s.jpg\" alt=\"\" class=\"wp-image-9463\" width=\"901\" srcset=\"https:\/\/deltanet.hu\/wp-content\/uploads\/2022\/04\/hibabejelente\u0301s.jpg 800w, https:\/\/deltanet.hu\/wp-content\/uploads\/2022\/04\/hibabejelente\u0301s-300x119.jpg 300w, https:\/\/deltanet.hu\/wp-content\/uploads\/2022\/04\/hibabejelente\u0301s-768x304.jpg 768w\" sizes=\"(max-width: 800px) 100vw, 800px\" \/><\/figure>\n\n\n\n<p><\/p>\n\n\n\n<h2 class=\"has-text-align-center wp-block-heading\"><strong>K\u00e9rj\u00fck, amennyiben hib\u00e1t \u00e9szlel, az al\u00e1bbi e-mail c\u00edmre jelezze fel\u00e9nk<\/strong>!<br><\/h2>\n\n\n\n<p><br><\/p>\n\n\n\n<h2 class=\"has-text-align-center wp-block-heading\">hibabejelentes@deltanet.hu<\/h2>\n\n\n\n<p><\/p>\n\n\n\n<p><br><\/p>\n\n\n\n<div class=\"wp-block-image\"><figure class=\"aligncenter size-large is-resized\"><img decoding=\"async\" src=\"https:\/\/deltanet.hu\/wp-content\/uploads\/2022\/04\/hibabejelente\u0301s_ikonok-1.jpg\" alt=\"\" class=\"wp-image-9469\" width=\"901\" srcset=\"https:\/\/deltanet.hu\/wp-content\/uploads\/2022\/04\/hibabejelente\u0301s_ikonok-1.jpg 800w, https:\/\/deltanet.hu\/wp-content\/uploads\/2022\/04\/hibabejelente\u0301s_ikonok-1-300x119.jpg 300w, https:\/\/deltanet.hu\/wp-content\/uploads\/2022\/04\/hibabejelente\u0301s_ikonok-1-768x304.jpg 768w\" sizes=\"(max-width: 800px) 100vw, 800px\" \/><\/figure><\/div>\n\n\n\n<h4 class=\"has-text-align-center wp-block-heading\">Egy\u00fcttm\u0171k\u00f6d\u00e9s\u00e9t k\u00f6sz\u00f6nj\u00fck.<\/h4>\n","protected":false},"excerpt":{"rendered":"<p>K\u00e9rj\u00fck, amennyiben hib\u00e1t \u00e9szlel, az al\u00e1bbi e-mail c\u00edmre jelezze fel\u00e9nk! hibabejelentes@deltanet.hu Egy\u00fcttm\u0171k\u00f6d\u00e9s\u00e9t k\u00f6sz\u00f6nj\u00fck.<\/p>\n","protected":false},"author":10,"featured_media":330,"parent":0,"menu_order":0,"comment_status":"closed","ping_status":"closed","template":"","meta":{"_mi_skip_tracking":false},"_links":{"self":[{"href":"https:\/\/deltanet.hu\/index.php\/wp-json\/wp\/v2\/pages\/295"}],"collection":[{"href":"https:\/\/deltanet.hu\/index.php\/wp-json\/wp\/v2\/pages"}],"about":[{"href":"https:\/\/deltanet.hu\/index.php\/wp-json\/wp\/v2\/types\/page"}],"author":[{"embeddable":true,"href":"https:\/\/deltanet.hu\/index.php\/wp-json\/wp\/v2\/users\/10"}],"replies":[{"embeddable":true,"href":"https:\/\/deltanet.hu\/index.php\/wp-json\/wp\/v2\/comments?post=295"}],"version-history":[{"count":9,"href":"https:\/\/deltanet.hu\/index.php\/wp-json\/wp\/v2\/pages\/295\/revisions"}],"predecessor-version":[{"id":9472,"href":"https:\/\/deltanet.hu\/index.php\/wp-json\/wp\/v2\/pages\/295\/revisions\/9472"}],"wp:featuredmedia":[{"embeddable":true,"href":"https:\/\/deltanet.hu\/index.php\/wp-json\/wp\/v2\/media\/330"}],"wp:attachment":[{"href":"https:\/\/deltanet.hu\/index.php\/wp-json\/wp\/v2\/media?parent=295"}],"curies":[{"name":"wp","href":"https:\/\/api.w.org\/{rel}","templated":true}]}}