{"id":3,"date":"2018-10-05T11:50:22","date_gmt":"2018-10-05T11:50:22","guid":{"rendered":"http:\/\/alfasites.hu\/?page_id=3"},"modified":"2019-01-31T09:32:48","modified_gmt":"2019-01-31T09:32:48","slug":"adatkezelesi-tajekoztato","status":"publish","type":"page","link":"https:\/\/deltanet.hu\/index.php\/adatkezelesi-tajekoztato\/","title":{"rendered":"Adatv\u00e9delmi ir\u00e1nyelvek"},"content":{"rendered":"<p>Adatkezel\u00e9si nyilatkozat<\/p>\n<p>I. NYILATKOZAT<\/p>\n<p>Alul\u00edrott: Deltakon Kereskedelmi \u00e9s Szolg\u00e1ltat\u00f3 Kft. (sz\u00e9khely: 6000 Kecskem\u00e9t, Izs\u00e1ki \u00fat 2.. c\u00e9gjegyz\u00e9ksz\u00e1m: 03 -09-120756) szolg\u00e1ltat\u00f3, mint adatkezel\u0151 (a tov\u00e1bbiakban: Szolg\u00e1ltat\u00f3), az al\u00e1bbi jogi k\u00f6zlem\u00e9nyt teszi.<\/p>\n<p>A Szolg\u00e1ltat\u00f3 kijelenti, hogy k\u00f6telezetts\u00e9get v\u00e1llal arra, hogy a www.deltanet.hu weboldalon a szolg\u00e1ltat\u00f3i tev\u00e9kenys\u00e9g\u00e9vel kapcsolatos valamennyi adatkezel\u00e9s megfelel a jelen szab\u00e1lyzat\u00e1ban \u00e9s a mindenkor hat\u00e1lyos jogszab\u00e1lyok rendelkez\u00e9seinek.<\/p>\n<p>A Szolg\u00e1ltat\u00f3 honlapj\u00e1nak: www.deltanet.hu a tartalma szerz\u0151i jogv\u00e9delem alatt \u00e1ll, \u00edgy annak b\u00e1rmely ak\u00e1r k\u00e9pi, ak\u00e1r sz\u00f6veges eleme csak a Szolg\u00e1ltat\u00f3, mint tulajdonos el\u0151zetes \u00edr\u00e1sbeli enged\u00e9ly\u00e9vel haszn\u00e1lhat\u00f3 fel. A honlap l\u00e1togat\u00e1s\u00e1b\u00f3l ered\u0151 esetleges k\u00e1rok\u00e9rt a Szolg\u00e1ltat\u00f3 felel\u0151ss\u00e9get nem v\u00e1llal.<\/p>\n<p>A Szolg\u00e1ltat\u00f3 az \u00fcgyfelei, felhaszn\u00e1l\u00f3i szem\u00e9lyes adatait bizalmasan kezeli, \u00e9s megtesz minden olyan biztons\u00e1gi, technikai \u00e9s szervez\u00e9si int\u00e9zked\u00e9st, mely az adatok biztons\u00e1g\u00e1t \u00e9s az \u00fcgyfelei inform\u00e1ci\u00f3s \u00f6nrendelkez\u00e9si jog\u00e1nak tiszteletben tart\u00e1s\u00e1t garant\u00e1lja.<\/p>\n<p>A Szolg\u00e1ltat\u00f3 Adatkezel\u00e9si alapelvei \u00f6sszhangban vannak az adatv\u00e9delemmel kapcsolatos hat\u00e1lyos jogszab\u00e1lyokkal, \u00edgy k\u00fcl\u00f6n\u00f6sen az 1992. \u00e9vi LXIII. t\u00f6rv\u00e9ny &#8211; a szem\u00e9lyes adatok v\u00e9delm\u00e9r\u0151l \u00e9s a k\u00f6z\u00e9rdek\u0171 adatok nyilv\u00e1noss\u00e1g\u00e1r\u00f3l, a 2001. \u00e9vi CVIII. t\u00f6rv\u00e9ny &#8211; az elektronikus kereskedelmi szolg\u00e1ltat\u00e1sok, valamint az inform\u00e1ci\u00f3s t\u00e1rsadalommal \u00f6sszef\u00fcgg\u0151 szolg\u00e1ltat\u00e1sok egyes k\u00e9rd\u00e9seir\u0151l, a 2008. \u00e9vi XLVIII. t\u00f6rv\u00e9ny &#8211; a gazdas\u00e1gi rekl\u00e1mtev\u00e9kenys\u00e9g alapvet\u0151 felt\u00e9teleir\u0151l \u00e9s egyes korl\u00e1tair\u00f3l sz\u00f3l\u00f3 t\u00f6rv\u00e9nyek rendelkez\u00e9seivel.<\/p>\n<p>II. DEFIN\u00cdCI\u00d3K<\/p>\n<p>Szem\u00e9lyes adat: b\u00e1rmely meghat\u00e1rozott (azonos\u00edtott vagy azonos\u00edthat\u00f3) term\u00e9szetes szem\u00e9llyel (\u00e9rintett) kapcsolatba hozhat\u00f3 adat, az adatb\u00f3l levonhat\u00f3, az \u00e9rintettre vonatkoz\u00f3 k\u00f6vetkeztet\u00e9s. A szem\u00e9lyes adat az adatkezel\u00e9s sor\u00e1n mindaddig meg\u0151rzi e min\u0151s\u00e9g\u00e9t, am\u00edg kapcsolata az \u00e9rintettel helyre\u00e1ll\u00edthat\u00f3. A szem\u00e9ly k\u00fcl\u00f6n\u00f6sen akkor tekinthet\u0151 azonos\u00edthat\u00f3nak, ha \u0151t &#8211; k\u00f6zvetlen\u00fcl vagy k\u00f6zvetve &#8211; n\u00e9v, azonos\u00edt\u00f3 jel, illet\u0151leg egy vagy t\u00f6bb, fizikai, fiziol\u00f3giai, ment\u00e1lis, gazdas\u00e1gi, kultur\u00e1lis vagy szoci\u00e1lis azonoss\u00e1g\u00e1ra jellemz\u0151 t\u00e9nyez\u0151 alapj\u00e1n azonos\u00edtani lehet;<\/p>\n<p>Hozz\u00e1j\u00e1rul\u00e1s: az \u00e9rintett k\u00edv\u00e1ns\u00e1g\u00e1nak \u00f6nk\u00e9ntes \u00e9s hat\u00e1rozott kinyilv\u00e1n\u00edt\u00e1sa, amely megfelel\u0151 t\u00e1j\u00e9koztat\u00e1son alapul, \u00e9s amellyel f\u00e9lre\u00e9rthetetlen beleegyez\u00e9s\u00e9t adja a r\u00e1 vonatkoz\u00f3 szem\u00e9lyes adatok &#8211; teljes k\u00f6r\u0171 vagy egyes m\u0171veletekre kiterjed\u0151 &#8211; kezel\u00e9s\u00e9hez;<\/p>\n<p>Tiltakoz\u00e1s: az \u00e9rintett nyilatkozata, amellyel szem\u00e9lyes adatainak kezel\u00e9s\u00e9t kifog\u00e1solja, \u00e9s az adatkezel\u00e9s megsz\u00fcntet\u00e9s\u00e9t, illetve a kezelt adatok t\u00f6rl\u00e9s\u00e9t k\u00e9ri;<\/p>\n<p>Adatkezel\u0151: az a term\u00e9szetes vagy jogi szem\u00e9ly, illetve jogi szem\u00e9lyis\u00e9ggel nem rendelkez\u0151 szervezet, aki vagy amely az adatok kezel\u00e9s\u00e9nek c\u00e9lj\u00e1t meghat\u00e1rozza, az adatkezel\u00e9sre (bele\u00e9rtve a felhaszn\u00e1lt eszk\u00f6zt) vonatkoz\u00f3 d\u00f6nt\u00e9seket meghozza \u00e9s v\u00e9grehajtja, vagy az \u00e1ltala megb\u00edzott adatfeldolgoz\u00f3val v\u00e9grehajtatja;<\/p>\n<p>Adatkezel\u00e9s: az alkalmazott elj\u00e1r\u00e1st\u00f3l f\u00fcggetlen\u00fcl az adatokon v\u00e9gzett b\u00e1rmely m\u0171velet vagy a m\u0171veletek \u00f6sszess\u00e9ge, \u00edgy p\u00e9ld\u00e1ul gy\u0171jt\u00e9se, felv\u00e9tele, r\u00f6gz\u00edt\u00e9se, rendszerez\u00e9se, t\u00e1rol\u00e1sa, megv\u00e1ltoztat\u00e1sa, felhaszn\u00e1l\u00e1sa, tov\u00e1bb\u00edt\u00e1sa, nyilv\u00e1noss\u00e1gra hozatala, \u00f6sszehangol\u00e1sa vagy \u00f6sszekapcsol\u00e1sa, z\u00e1rol\u00e1sa, t\u00f6rl\u00e9se \u00e9s megsemmis\u00edt\u00e9se, valamint az adatok tov\u00e1bbi felhaszn\u00e1l\u00e1s\u00e1nak megakad\u00e1lyoz\u00e1sa. Adatkezel\u00e9snek sz\u00e1m\u00edt a f\u00e9nyk\u00e9p-, hang- vagy k\u00e9pfelv\u00e9tel k\u00e9sz\u00edt\u00e9se, valamint a szem\u00e9ly azonos\u00edt\u00e1s\u00e1ra alkalmas fizikai jellemz\u0151k (pl. ujj- vagy teny\u00e9rnyomat, DNS-minta, \u00edriszk\u00e9p) r\u00f6gz\u00edt\u00e9se is;<\/p>\n<p>Adattov\u00e1bb\u00edt\u00e1s: ha az adatot meghat\u00e1rozott harmadik szem\u00e9ly sz\u00e1m\u00e1ra hozz\u00e1f\u00e9rhet\u0151v\u00e9 teszik;<\/p>\n<p>Nyilv\u00e1noss\u00e1gra hozatal: ha az adatot b\u00e1rki sz\u00e1m\u00e1ra hozz\u00e1f\u00e9rhet\u0151v\u00e9 teszik;<\/p>\n<p>Adatt\u00f6rl\u00e9s: az adatok felismerhetetlenn\u00e9 t\u00e9tele oly m\u00f3don, hogy a helyre\u00e1ll\u00edt\u00e1suk t\u00f6bb\u00e9 nem lehets\u00e9ges;<\/p>\n<p>Adatz\u00e1rol\u00e1s: az adatok tov\u00e1bb\u00edt\u00e1s\u00e1nak, megismer\u00e9s\u00e9nek, nyilv\u00e1noss\u00e1gra hozatal\u00e1nak, \u00e1talak\u00edt\u00e1s\u00e1nak, megv\u00e1ltoztat\u00e1s\u00e1nak, megsemmis\u00edt\u00e9s\u00e9nek, t\u00f6rl\u00e9s\u00e9nek, \u00f6sszekapcsol\u00e1s\u00e1nak vagy \u00f6sszehangol\u00e1s\u00e1nak \u00e9s felhaszn\u00e1l\u00e1s\u00e1nak v\u00e9glegesen vagy meghat\u00e1rozott id\u0151re t\u00f6rt\u00e9n\u0151 lehetetlenn\u00e9 t\u00e9tele;<\/p>\n<p>Adatmegsemmis\u00edt\u00e9s: az adatok vagy az azokat tartalmaz\u00f3 adathordoz\u00f3 teljes fizikai megsemmis\u00edt\u00e9se;<\/p>\n<p>Adatfeldolgoz\u00e1s: az adatkezel\u00e9si m\u0171veletekhez kapcsol\u00f3d\u00f3 technikai feladatok elv\u00e9gz\u00e9se, f\u00fcggetlen\u00fcl a m\u0171veletek v\u00e9grehajt\u00e1s\u00e1hoz alkalmazott m\u00f3dszert\u0151l \u00e9s eszk\u00f6zt\u0151l, valamint az alkalmaz\u00e1s hely\u00e9t\u0151l;<\/p>\n<p>Adatfeldolgoz\u00f3: az a term\u00e9szetes vagy jogi szem\u00e9ly, illetve jogi szem\u00e9lyis\u00e9ggel nem rendelkez\u0151 szervezet, aki, vagy amely az adatkezel\u0151 megb\u00edz\u00e1s\u00e1b\u00f3l szem\u00e9lyes adatok feldolgoz\u00e1s\u00e1t v\u00e9gzi;<\/p>\n<p>Harmadik szem\u00e9ly: olyan term\u00e9szetes vagy jogi szem\u00e9ly, illetve jogi szem\u00e9lyis\u00e9ggel nem rendelkez\u0151 szervezet, amely, vagy aki nem azonos az \u00e9rintettel, az adatkezel\u0151vel vagy az adatfeldolgoz\u00f3val;<\/p>\n<p>Harmadik orsz\u00e1g: minden olyan \u00e1llam, amely nem EU tag\u00e1llam.<\/p>\n<p>III. ALAPELVEK A SZOLG\u00c1LAT\u00d3 ADATKEZEL\u00c9SE SOR\u00c1N<\/p>\n<p>Szem\u00e9lyes adat csak abban az esetben kezelhet\u0151, ha<br \/>\na) ahhoz az \u00e9rintett hozz\u00e1j\u00e1rul, vagy<br \/>\nb) azt t\u00f6rv\u00e9ny vagy &#8211; t\u00f6rv\u00e9ny felhatalmaz\u00e1sa alapj\u00e1n, az abban meghat\u00e1rozott k\u00f6rben &#8211; helyi \u00f6nkorm\u00e1nyzat rendelete elrendeli.<\/p>\n<p>A cselekv\u0151k\u00e9ptelen vagy korl\u00e1tozottan cselekv\u0151k\u00e9pes kiskor\u00fa szem\u00e9ly nyilatkozat\u00e1hoz mindenkor a t\u00f6rv\u00e9nyes k\u00e9pvisel\u0151j\u00e9nek hozz\u00e1j\u00e1rul\u00e1sa sz\u00fcks\u00e9ges, kiv\u00e9ve azon szolg\u00e1ltat\u00e1s r\u00e9szeket, ahol a nyilatkozat a mindennapi \u00e9letben t\u00f6megesen el\u0151fordul\u00f3 regisztr\u00e1ci\u00f3t c\u00e9loz, \u00e9s k\u00fcl\u00f6n\u00f6sebb megfontol\u00e1st nem ig\u00e9nyel.<\/p>\n<p>Szem\u00e9lyes adatot kezelni csak meghat\u00e1rozott c\u00e9lb\u00f3l, jog gyakorl\u00e1sa \u00e9s k\u00f6telezetts\u00e9g teljes\u00edt\u00e9se \u00e9rdek\u00e9ben lehet. Az adatkezel\u00e9snek minden szakasz\u00e1ban meg kell felelnie e c\u00e9lnak.<\/p>\n<p>Csak olyan szem\u00e9lyes adat kezelhet\u0151, amely az adatkezel\u00e9s c\u00e9lj\u00e1nak megval\u00f3sul\u00e1s\u00e1hoz elengedhetetlen, a c\u00e9l el\u00e9r\u00e9s\u00e9re alkalmas, csak a c\u00e9l megval\u00f3sul\u00e1s\u00e1hoz sz\u00fcks\u00e9ges m\u00e9rt\u00e9kben \u00e9s ideig.<\/p>\n<p>Szem\u00e9lyes adat csak megfelel\u0151 t\u00e1j\u00e9koztat\u00e1son alapul\u00f3 beleegyez\u00e9ssel kezelhet\u0151.<\/p>\n<p>Az \u00e9rintettet &#8211; egy\u00e9rtelm\u0171en, k\u00f6z\u00e9rthet\u0151en \u00e9s r\u00e9szletesen &#8211; t\u00e1j\u00e9koztatni kell az adatai kezel\u00e9s\u00e9vel kapcsolatos minden t\u00e9nyr\u0151l, \u00edgy k\u00fcl\u00f6n\u00f6sen az adatkezel\u00e9s c\u00e9lj\u00e1r\u00f3l \u00e9s jogalapj\u00e1r\u00f3l, az adatkezel\u00e9sre \u00e9s az adatfeldolgoz\u00e1sra jogosult szem\u00e9ly\u00e9r\u0151l, az adatkezel\u00e9s id\u0151tartam\u00e1r\u00f3l, illetve arr\u00f3l, hogy kik ismerhetik meg az adatokat. A t\u00e1j\u00e9koztat\u00e1snak ki kell terjednie az \u00e9rintett adatkezel\u00e9ssel kapcsolatos jogaira \u00e9s jogorvoslati lehet\u0151s\u00e9geire is.<\/p>\n<p>A kezelt szem\u00e9lyes adatoknak meg kell felelni\u00fck az al\u00e1bbi k\u00f6vetelm\u00e9nyeknek:<br \/>\na) felv\u00e9tel\u00fck \u00e9s kezel\u00e9s\u00fck tisztess\u00e9ges \u00e9s t\u00f6rv\u00e9nyes;<br \/>\nb) pontosak, teljesek \u00e9s ha sz\u00fcks\u00e9ges id\u0151szer\u0171ek;<br \/>\nc) t\u00e1rol\u00e1suk m\u00f3dja alkalmas arra, hogy az \u00e9rintettet csak a t\u00e1rol\u00e1s c\u00e9lj\u00e1hoz sz\u00fcks\u00e9ges ideig lehessen azonos\u00edtani.<\/p>\n<p>Korl\u00e1toz\u00e1s n\u00e9lk\u00fcl haszn\u00e1lhat\u00f3, \u00e1ltal\u00e1nos \u00e9s egys\u00e9ges szem\u00e9lyazonos\u00edt\u00f3 jel alkalmaz\u00e1sa tilos.<\/p>\n<p>A szem\u00e9lyes adatok akkor tov\u00e1bb\u00edthat\u00f3k, valamint a k\u00fcl\u00f6nb\u00f6z\u0151 adatkezel\u00e9sek akkor kapcsolhat\u00f3k \u00f6ssze, ha az \u00e9rintett ahhoz hozz\u00e1j\u00e1rult, vagy t\u00f6rv\u00e9ny azt megengedi, \u00e9s ha az adatkezel\u00e9s felt\u00e9telei minden egyes szem\u00e9lyes adatra n\u00e9zve teljes\u00fclnek.<\/p>\n<p>Szem\u00e9lyes adat (bele\u00e9rtve a k\u00fcl\u00f6nleges adatot is) az orsz\u00e1gb\u00f3l &#8211; az adathordoz\u00f3t\u00f3l vagy az adat\u00e1tvitel m\u00f3dj\u00e1t\u00f3l f\u00fcggetlen\u00fcl &#8211; harmadik orsz\u00e1gban l\u00e9v\u0151 adatkezel\u0151 vagy adatfeldolgoz\u00f3 r\u00e9sz\u00e9re akkor tov\u00e1bb\u00edthat\u00f3, ha ahhoz az \u00e9rintett kifejezetten hozz\u00e1j\u00e1rult, vagy azt t\u00f6rv\u00e9ny lehet\u0151v\u00e9 teszi, \u00e9s a harmadik orsz\u00e1gban az \u00e1tadott adatok kezel\u00e9se, illet\u0151leg feldolgoz\u00e1sa sor\u00e1n biztos\u00edtott a szem\u00e9lyes adatok megfelel\u0151 szint\u0171 v\u00e9delme. Az EU tag\u00e1llamokba ir\u00e1nyul\u00f3 adattov\u00e1bb\u00edt\u00e1st \u00fagy kell tekinteni, mintha Magyarorsz\u00e1g ter\u00fclet\u00e9n bel\u00fcli adattov\u00e1bb\u00edt\u00e1sra ker\u00fclne sor.<\/p>\n<p>IV. A SZEM\u00c9LYES ADATOK K\u00d6RE, AZ ADATKEZEL\u00c9S C\u00c9LJA, JOGC\u00cdME \u00c9S ID\u0150TARTAMA<\/p>\n<p>A Szolg\u00e1ltat\u00f3 tev\u00e9kenys\u00e9g\u00e9nek adatkezel\u00e9sei kiz\u00e1r\u00f3lagosan, \u00f6nk\u00e9ntes hozz\u00e1j\u00e1rul\u00e1son, beleegyez\u00e9sen alapulnak.<\/p>\n<p>A WWW.DELTANET.HU HONLAP ADATKEZEL\u00c9SI SZAB\u00c1LYAI<\/p>\n<p>Az adatkezel\u00e9s c\u00e9lja: a honlap l\u00e1togat\u00e1sa sor\u00e1n a szolg\u00e1ltat\u00f3 \u00fan. cookie-kat helyez a l\u00e1togat\u00f3 g\u00e9p\u00e9n, amelyek azt a c\u00e9lt szolg\u00e1lj\u00e1k, hogy a l\u00e1togat\u00e1s sor\u00e1n felhaszn\u00e1l\u00f3 \u00e1ltal megadott szolg\u00e1ltat\u00e1si ter\u00fcletre vonatkoz\u00f3 inform\u00e1ci\u00f3kat t\u00e1roljuk, ezek megad\u00e1sa csak egyszer legyen sz\u00fcks\u00e9ges.<\/p>\n<p>Az adatkezel\u00e9s jogalapja: az \u00e9rintett hozz\u00e1j\u00e1rul\u00e1sa, illetve az inform\u00e1ci\u00f3s t\u00e1rsadalommal \u00f6sszef\u00fcgg\u0151 szolg\u00e1ltat\u00e1sok egyes k\u00e9rd\u00e9seir\u0151l sz\u00f3l\u00f3 2001. \u00e9vi CVIII. t\u00f6rv\u00e9ny 13\/A. \u00a7 (3) bekezd\u00e9se.<\/p>\n<p>A kezelt adatok k\u00f6re: d\u00e1tum, id\u0151, IP c\u00edm.<\/p>\n<p>Az adatkezel\u00e9s id\u0151tartama: a honlap megtekint\u00e9s\u00e9t\u0151l sz\u00e1m\u00edtott 360 nap.<\/p>\n<p>Adatfeldolgoz\u00f3: www.deltanet.hu rendszergazd\u00e1ja.<\/p>\n<p>A SZOLG\u00c1LTAT\u00d3 KAPCSOLATFELV\u00c9TELE AZ \u00dcGYFELEKKEL<\/p>\n<p>Az adatkezel\u00e9s c\u00e9lja: \u00fcgyfelekkel t\u00f6rt\u00e9n\u0151 kapcsolatfelv\u00e9tel, kapcsolattart\u00e1s.<\/p>\n<p>Az adatkezel\u00e9s jogalapja: az \u00e9rintett \u00fcgyf\u00e9l hozz\u00e1j\u00e1rul\u00e1sa.<\/p>\n<p>A kezelt adatok k\u00f6re: n\u00e9v, e-mail c\u00edm, d\u00e1tum \u00e9s id\u0151pont, az \u00fczenet t\u00e1rgya, sz\u00f6vege, tov\u00e1bb\u00e1 az \u00e9rintett \u00fcgyf\u00e9l \u00e1ltal megadott egy\u00e9b szem\u00e9lyes adatok.<\/p>\n<p>Az adatok t\u00f6rl\u00e9s\u00e9nek hat\u00e1rideje: az adatk\u00f6zl\u00e9st\u0151l sz\u00e1m\u00edtott 3 \u00e9v.<\/p>\n<p>A szem\u00e9lyes adatok t\u00f6rl\u00e9s\u00e9t, vagy m\u00f3dos\u00edt\u00e1s\u00e1t az al\u00e1bbi m\u00f3dokon lehet kezdem\u00e9nyezni:<br \/>\n&#8211; postai \u00faton a 6000 Kecskem\u00e9t, Izs\u00e1ki \u00fat 2. sz\u00e1m alatti c\u00edmen,<br \/>\n&#8211; e-mail \u00fatj\u00e1n az info@deltanet.hu c\u00edmen.<\/p>\n<p>A SZOLG\u00c1LTAT\u00d3 \u00dcGYF\u00c9LLEVELEZ\u00c9SEI<\/p>\n<p>Amennyiben a Szolg\u00e1ltat\u00f3 szolg\u00e1ltat\u00e1saink ig\u00e9nybev\u00e9tele sor\u00e1n az \u00fcgyf\u00e9lnek k\u00e9rd\u00e9se, probl\u00e9m\u00e1ja van, a honlapon megadott m\u00f3dokon kapcsolatba l\u00e9phet a Szolg\u00e1ltat\u00f3val, mint adatkezel\u0151vel.<\/p>\n<p>A Szolg\u00e1ltat\u00f3 a be\u00e9rkezett e-maileket, a k\u00fcld\u0151 nev\u00e9vel \u00e9s e-mail c\u00edm\u00e9vel, valamint m\u00e1s, \u00f6nk\u00e9nt megadott szem\u00e9lyes adat\u00e1val egy\u00fctt, az adatk\u00f6zl\u00e9st\u0151l sz\u00e1m\u00edtott legfeljebb 3 \u00e9v eltelt\u00e9vel t\u00f6rli.<\/p>\n<p>EGY\u00c9B ADATKEZEL\u00c9SEK<\/p>\n<p>A Szolg\u00e1ltat\u00f3 b\u00edr\u00f3s\u00e1g, \u00fcgy\u00e9szs\u00e9g, nyomoz\u00f3 hat\u00f3s\u00e1g, szab\u00e1lys\u00e9rt\u00e9si hat\u00f3s\u00e1g, k\u00f6zigazgat\u00e1si hat\u00f3s\u00e1g, az adatv\u00e9delmi biztos, valamint jogszab\u00e1ly felhatalmaz\u00e1sa alapj\u00e1n m\u00e1s szervek, t\u00e1j\u00e9koztat\u00e1s ad\u00e1sa, adatok k\u00f6zl\u00e9se, \u00e1tad\u00e1sa, illet\u0151leg iratok rendelkez\u00e9sre bocs\u00e1t\u00e1sa v\u00e9gett megkereshetik az adatkezel\u0151t.<\/p>\n<p>A Szolg\u00e1ltat\u00f3 a hat\u00f3s\u00e1gok r\u00e9sz\u00e9re &#8211; amennyiben a hat\u00f3s\u00e1g a t\u00f6rv\u00e9nyben el\u0151\u00edrt, pontos c\u00e9lt \u00e9s az adatok k\u00f6r\u00e9t megjel\u00f6lte &#8211; szem\u00e9lyes adatot csak annyit \u00e9s olyan m\u00e9rt\u00e9kben ad ki, amely a megkeres\u00e9s c\u00e9lj\u00e1nak megval\u00f3s\u00edt\u00e1s\u00e1hoz elengedhetetlen\u00fcl sz\u00fcks\u00e9ges.<\/p>\n<p>V. A SZEM\u00c9LYES ADATOK T\u00c1ROL\u00c1S\u00c1NAK M\u00d3DJA, AZ ADATKEZEL\u00c9S BIZTONS\u00c1GA<\/p>\n<p>A Szolg\u00e1ltat\u00f3 a sz\u00e1m\u00edt\u00e1stechnikai rendszerei \u00e9s egy\u00e9b adatmeg\u0151rz\u00e9si helyei a sz\u00e9khely\u00e9n tal\u00e1lhat\u00f3k meg.<\/p>\n<p>A Szolg\u00e1ltat\u00f3 a szem\u00e9lyes adatok kezel\u00e9s\u00e9hez a szolg\u00e1ltat\u00e1s ny\u00fajt\u00e1sa sor\u00e1n alkalmazott informatikai eszk\u00f6z\u00f6ket \u00fagy v\u00e1lasztja meg \u00e9s \u00fczemelteti, hogy a kezelt adat:<br \/>\na) az arra feljogos\u00edtottak sz\u00e1m\u00e1ra hozz\u00e1f\u00e9rhet\u0151 (rendelkez\u00e9sre \u00e1ll\u00e1s);<br \/>\nb) hiteless\u00e9ge \u00e9s hiteles\u00edt\u00e9se biztos\u00edtott (adatkezel\u00e9s hiteless\u00e9ge);<br \/>\nc) v\u00e1ltozatlans\u00e1ga igazolhat\u00f3 (adatintegrit\u00e1s);<br \/>\nd) a jogosulatlan hozz\u00e1f\u00e9r\u00e9s ellen v\u00e9dett (adat bizalmass\u00e1ga)<br \/>\nlegyen.<\/p>\n<p>A Szolg\u00e1ltat\u00f3 olyan m\u0171szaki, szervez\u00e9si \u00e9s szervezeti int\u00e9zked\u00e9sekkel gondoskodik az adatkezel\u00e9s biztons\u00e1g\u00e1nak v\u00e9delm\u00e9r\u0151l, amely az adatkezel\u00e9ssel kapcsolatban jelentkez\u0151 kock\u00e1zatoknak megfelel\u0151 v\u00e9delmi szintet ny\u00fajt.<\/p>\n<p>A Szolg\u00e1ltat\u00f3 az adatkezel\u00e9s sor\u00e1n meg\u0151rzi<br \/>\na) a titkoss\u00e1got: megv\u00e9di az inform\u00e1ci\u00f3t, hogy csak az f\u00e9rhessen hozz\u00e1, aki erre jogosult;<br \/>\nb) a s\u00e9rtetlens\u00e9get: megv\u00e9di az inform\u00e1ci\u00f3nak \u00e9s a feldolgoz\u00e1s m\u00f3dszer\u00e9nek a pontoss\u00e1g\u00e1t \u00e9s teljess\u00e9g\u00e9t;<br \/>\nc) a rendelkez\u00e9sre \u00e1ll\u00e1st: gondoskodik arr\u00f3l, hogy amikor a jogosult haszn\u00e1l\u00f3nak sz\u00fcks\u00e9ge van r\u00e1, val\u00f3ban hozz\u00e1 tudjon f\u00e9rni a k\u00edv\u00e1nt inform\u00e1ci\u00f3hoz, \u00e9s rendelkez\u00e9sre \u00e1lljanak az ezzel kapcsolatos eszk\u00f6z\u00f6k.<\/p>\n<p>VI. A SZOLG\u00c1LAT\u00d3, MINT ADATKEZEL\u0150 ADATAI, EL\u00c9RHET\u0150S\u00c9GE<\/p>\n<p>N\u00e9v: Deltakon Kft.<br \/>\nSz\u00e9khely: 6000 Kecskem\u00e9t, Izs\u00e1ki \u00fat 2.<br \/>\nAd\u00f3sz\u00e1m: 22915775-2-03<br \/>\nE-mail: info@deltanet.hu<\/p>\n<p>VII. JOGORVOSLATI LEHET\u0150S\u00c9GEK<\/p>\n<p>Az \u00e9rintett t\u00e1j\u00e9koztat\u00e1st k\u00e9rhet szem\u00e9lyes adatai kezel\u00e9s\u00e9r\u0151l, valamint k\u00e9rheti szem\u00e9lyes adatainak helyesb\u00edt\u00e9s\u00e9t, illetve &#8211; a jogszab\u00e1lyban elrendelt adatkezel\u00e9sek kiv\u00e9tel\u00e9vel &#8211; t\u00f6rl\u00e9s\u00e9t az adatfelv\u00e9tel\u00e9n\u00e9l jelzett m\u00f3don, illetve \u00fcgyf\u00e9lszolg\u00e1lat \u00fatj\u00e1n.<\/p>\n<p>Az \u00e9rintett k\u00e9relm\u00e9re a Szolg\u00e1ltat\u00f3, mint adatkezel\u0151 t\u00e1j\u00e9koztat\u00e1st ad az \u00e1ltala kezelt, illet\u0151leg az \u00e1ltala megb\u00edzott feldolgoz\u00f3 \u00e1ltal feldolgozott adatair\u00f3l, az adatkezel\u00e9s c\u00e9lj\u00e1r\u00f3l, jogalapj\u00e1r\u00f3l, id\u0151tartam\u00e1r\u00f3l, az adatfeldolgoz\u00f3 nev\u00e9r\u0151l, c\u00edm\u00e9r\u0151l (sz\u00e9khely\u00e9r\u0151l) \u00e9s az adatkezel\u00e9ssel \u00f6sszef\u00fcgg\u0151 tev\u00e9kenys\u00e9g\u00e9r\u0151l, tov\u00e1bb\u00e1 arr\u00f3l, hogy kik \u00e9s milyen c\u00e9lb\u00f3l kapj\u00e1k vagy kapt\u00e1k meg az adatokat. Az adatkezel\u0151 a k\u00e9relem beny\u00fajt\u00e1s\u00e1t\u00f3l sz\u00e1m\u00edtott legr\u00f6videbb id\u0151 alatt, legfeljebb azonban 30 napon bel\u00fcl \u00edr\u00e1sban, k\u00f6z\u00e9rthet\u0151 form\u00e1ban adja meg a t\u00e1j\u00e9koztat\u00e1st. E t\u00e1j\u00e9koztat\u00e1s ingyenes, ha a t\u00e1j\u00e9koztat\u00e1st k\u00e9r\u0151 a foly\u00f3 \u00e9vben azonos ter\u00fcletre vonatkoz\u00f3 t\u00e1j\u00e9koztat\u00e1si k\u00e9relmet az adatkezel\u0151h\u00f6z m\u00e9g nem ny\u00fajtott be. Egy\u00e9b esetekben a Szolg\u00e1ltat\u00f3 k\u00f6lts\u00e9gt\u00e9r\u00edt\u00e9st \u00e1llap\u00edt meg.<\/p>\n<p>A Szolg\u00e1ltat\u00f3 a szem\u00e9lyes adatot t\u00f6rli, ha kezel\u00e9se jogellenes, az \u00e9rintett k\u00e9ri, az adatkezel\u00e9s c\u00e9lja megsz\u0171nt, vagy az adatok t\u00e1rol\u00e1s\u00e1nak t\u00f6rv\u00e9nyben meghat\u00e1rozott hat\u00e1rideje lej\u00e1rt, illetve azt a b\u00edr\u00f3s\u00e1g vagy az adatv\u00e9delmi biztos elrendelte.<\/p>\n<p>A Szolg\u00e1ltat\u00f3 a helyesb\u00edt\u00e9sr\u0151l \u00e9s a t\u00f6rl\u00e9sr\u0151l az \u00e9rintettet, tov\u00e1bb\u00e1 mindazokat \u00e9rtes\u00edti, akiknek kor\u00e1bban az adatot adatkezel\u00e9s c\u00e9lj\u00e1ra tov\u00e1bb\u00edtott\u00e1k. Az \u00e9rtes\u00edt\u00e9st mell\u0151zi, ha ez az adatkezel\u00e9s c\u00e9lj\u00e1ra val\u00f3 tekintettel az \u00e9rintett jogos \u00e9rdek\u00e9t nem s\u00e9rti.<\/p>\n<p>Az \u00e9rintett tiltakozhat szem\u00e9lyes adat\u00e1nak kezel\u00e9se ellen ha<br \/>\na) a szem\u00e9lyes adatok kezel\u00e9se (tov\u00e1bb\u00edt\u00e1sa) kiz\u00e1r\u00f3lag az adatkezel\u0151 vagy az adat\u00e1tvev\u0151 jog\u00e1nak vagy jogos \u00e9rdek\u00e9nek \u00e9rv\u00e9nyes\u00edt\u00e9s\u00e9hez sz\u00fcks\u00e9ges, kiv\u00e9ve, ha az adatkezel\u00e9st t\u00f6rv\u00e9ny rendelte el;<br \/>\nb) a szem\u00e9lyes adat felhaszn\u00e1l\u00e1sa vagy tov\u00e1bb\u00edt\u00e1sa k\u00f6zvetlen \u00fczletszerz\u00e9s, k\u00f6zv\u00e9lem\u00e9ny-kutat\u00e1s vagy tudom\u00e1nyos kutat\u00e1s c\u00e9lj\u00e1ra t\u00f6rt\u00e9nik;<br \/>\nc) a tiltakoz\u00e1s jog\u00e1nak gyakorl\u00e1s\u00e1t egy\u00e9bk\u00e9nt t\u00f6rv\u00e9ny lehet\u0151v\u00e9 teszi.<\/p>\n<p>A Szolg\u00e1ltat\u00f3 &#8211; az adatkezel\u00e9s egyidej\u0171 felf\u00fcggeszt\u00e9s\u00e9vel &#8211; a tiltakoz\u00e1st a k\u00e9relem beny\u00fajt\u00e1s\u00e1t\u00f3l sz\u00e1m\u00edtott legr\u00f6videbb id\u0151n bel\u00fcl, de legfeljebb 15 nap alatt megvizsg\u00e1lja, \u00e9s annak eredm\u00e9ny\u00e9r\u0151l a k\u00e9relmez\u0151t \u00edr\u00e1sban t\u00e1j\u00e9koztatja. Amennyiben a tiltakoz\u00e1s indokolt, az adatkezel\u0151 az adatkezel\u00e9st &#8211; bele\u00e9rtve a tov\u00e1bbi adatfelv\u00e9telt \u00e9s adattov\u00e1bb\u00edt\u00e1st is &#8211; megsz\u00fcnteti, \u00e9s az adatokat z\u00e1rolja, valamint a tiltakoz\u00e1sr\u00f3l, illet\u0151leg az annak alapj\u00e1n tett int\u00e9zked\u00e9sekr\u0151l \u00e9rtes\u00edti mindazokat, akik r\u00e9sz\u00e9re a tiltakoz\u00e1ssal \u00e9rintett szem\u00e9lyes adatot kor\u00e1bban tov\u00e1bb\u00edtotta, \u00e9s akik k\u00f6telesek int\u00e9zkedni a tiltakoz\u00e1si jog \u00e9rv\u00e9nyes\u00edt\u00e9se \u00e9rdek\u00e9ben.<\/p>\n<p>Amennyiben az \u00e9rintett az adatkezel\u0151 d\u00f6nt\u00e9s\u00e9vel nem \u00e9rt egyet, az ellen &#8211; annak k\u00f6zl\u00e9s\u00e9t\u0151l sz\u00e1m\u00edtott 30 napon bel\u00fcl &#8211; b\u00edr\u00f3s\u00e1ghoz fordulhat.<\/p>\n<p>A Szolg\u00e1ltat\u00f3 az \u00e9rintett adat\u00e1t nem t\u00f6r\u00f6lheti, ha az adatkezel\u00e9st t\u00f6rv\u00e9ny rendelte el. Az adat azonban nem tov\u00e1bb\u00edthat\u00f3 az adat\u00e1tvev\u0151 r\u00e9sz\u00e9re, ha az adatkezel\u0151 egyet\u00e9rtett a tiltakoz\u00e1ssal, illet\u0151leg a b\u00edr\u00f3s\u00e1g a tiltakoz\u00e1s jogoss\u00e1g\u00e1t meg\u00e1llap\u00edtotta.<\/p>\n<p>Az \u00e9rintett a jogainak megs\u00e9rt\u00e9se eset\u00e9n az adatkezel\u0151 ellen b\u00edr\u00f3s\u00e1ghoz fordulhat. A b\u00edr\u00f3s\u00e1g az \u00fcgyben soron k\u00edv\u00fcl j\u00e1r el.<\/p>\n<p>A Szolg\u00e1ltat\u00f3 az \u00e9rintett adatainak jogellenes kezel\u00e9s\u00e9vel vagy a technikai adatv\u00e9delem k\u00f6vetelm\u00e9nyeinek megszeg\u00e9s\u00e9vel m\u00e1snak okozott k\u00e1rt megt\u00e9r\u00edti. Az adatkezel\u0151 mentes\u00fcl a felel\u0151ss\u00e9g al\u00f3l, ha a k\u00e1rt az adatkezel\u00e9s k\u00f6r\u00e9n k\u00edv\u00fcl es\u0151 elh\u00e1r\u00edthatatlan ok id\u00e9zte el\u0151. Nem k\u00f6teles a Szolg\u00e1ltat\u00f3 megt\u00e9r\u00edteni a k\u00e1rt, amennyiben az a k\u00e1rosult sz\u00e1nd\u00e9kos vagy s\u00falyosan gondatlan magatart\u00e1s\u00e1b\u00f3l sz\u00e1rmazott.<\/p>\n<p>Panasszal, jogorvoslattal az Nemzeti Adatv\u00e9delmi \u00e9s Inform\u00e1ci\u00f3szabads\u00e1g Hat\u00f3s\u00e1g irod\u00e1j\u00e1hoz lehet fordulni:<\/p>\n<p>Nemzeti Adatv\u00e9delmi \u00e9s Inform\u00e1ci\u00f3szabads\u00e1g Hat\u00f3s\u00e1g (NAIH)<br \/>\n1125 Budapest, Szil\u00e1gyi Erzs\u00e9bet fasor 22\/c.<br \/>\nTelefon: 06\/1\/391-1400<br \/>\nTelefax: 06\/1\/391-1410<br \/>\nE-mail: ugyfelszolgalat@naih.hu<\/p>\n","protected":false},"excerpt":{"rendered":"<p>Adatkezel\u00e9si nyilatkozat I. NYILATKOZAT Alul\u00edrott: Deltakon Kereskedelmi \u00e9s Szolg\u00e1ltat\u00f3 Kft. (sz\u00e9khely: 6000 Kecskem\u00e9t, Izs\u00e1ki \u00fat 2.. c\u00e9gjegyz\u00e9ksz\u00e1m: 03 -09-120756) szolg\u00e1ltat\u00f3, mint adatkezel\u0151 (a tov\u00e1bbiakban: Szolg\u00e1ltat\u00f3),<\/p>\n","protected":false},"author":10,"featured_media":0,"parent":0,"menu_order":0,"comment_status":"closed","ping_status":"closed","template":"","meta":{"_mi_skip_tracking":false},"_links":{"self":[{"href":"https:\/\/deltanet.hu\/index.php\/wp-json\/wp\/v2\/pages\/3"}],"collection":[{"href":"https:\/\/deltanet.hu\/index.php\/wp-json\/wp\/v2\/pages"}],"about":[{"href":"https:\/\/deltanet.hu\/index.php\/wp-json\/wp\/v2\/types\/page"}],"author":[{"embeddable":true,"href":"https:\/\/deltanet.hu\/index.php\/wp-json\/wp\/v2\/users\/10"}],"replies":[{"embeddable":true,"href":"https:\/\/deltanet.hu\/index.php\/wp-json\/wp\/v2\/comments?post=3"}],"version-history":[{"count":3,"href":"https:\/\/deltanet.hu\/index.php\/wp-json\/wp\/v2\/pages\/3\/revisions"}],"predecessor-version":[{"id":3792,"href":"https:\/\/deltanet.hu\/index.php\/wp-json\/wp\/v2\/pages\/3\/revisions\/3792"}],"wp:attachment":[{"href":"https:\/\/deltanet.hu\/index.php\/wp-json\/wp\/v2\/media?parent=3"}],"curies":[{"name":"wp","href":"https:\/\/api.w.org\/{rel}","templated":true}]}}