{"id":3496,"date":"2019-01-23T12:17:08","date_gmt":"2019-01-23T12:17:08","guid":{"rendered":"http:\/\/alfasites.hu\/?page_id=3496"},"modified":"2019-01-23T12:20:20","modified_gmt":"2019-01-23T12:20:20","slug":"e-mail-cim-beallitas","status":"publish","type":"page","link":"https:\/\/deltanet.hu\/index.php\/gyakran-ismetelt-kerdesek\/e-mail-cim-beallitas\/","title":{"rendered":"E-mail c\u00edm be\u00e1ll\u00edt\u00e1s"},"content":{"rendered":"<section class=\"site-main\">\n<h1 class=\"entry-title\">E-mail c\u00edm be\u00e1ll\u00edt\u00e1s<\/h1>\n<div class=\"entry-content\">\n<header class=\"entry-header\">\n<p class=\"entry-title\">E-mailjeit el\u00e9rheti webes fel\u00fcleten is, a https:\/\/mail.deltanet.hu weboldalon.<\/p>\n<\/header>\n<div class=\"entry-content\">\n<p>Az e-mail fi\u00f3kj\u00e1nak el\u00e9r\u00e9s\u00e9hez \u00d6nnek minden esetben a teljes e-mail c\u00edm\u00e9t, valamint a hozz\u00e1 tartoz\u00f3 jelsz\u00f3t kell megadnia.<\/p>\n<p>Az \u00d6n levelez\u0151programj\u00e1ban a POP3 kiszolg\u00e1l\u00f3knak a mail.deltanet.hu c\u00edmet, SMTP kiszolg\u00e1l\u00f3nak pedig a mail.deltanet.hu c\u00edmet kell be\u00e1ll\u00edtani.<\/p>\n<p>Amennyiben \u00d6n Microsoft Outlook Express programot haszn\u00e1l, akkor az \u00d6n levelez\u00e9si fi\u00f3kj\u00e1t a k\u00f6vetkez\u0151k\u00e9ppen tudja be\u00e1ll\u00edtani. A program megnyit\u00e1sa ut\u00e1n kattintson az Eszk\u00f6z\u00f6k men\u00fcpontra, majd a leny\u00edl\u00f3 men\u00fcben kattintson a fi\u00f3kok men\u00fcpontra. A bej\u00f6v\u0151 ablakban kattintson a levelez\u00e9s f\u00fclre, majd az ablak jobb oldal\u00e1n kattintson a hozz\u00e1ad\u00e1s gombra. A kiny\u00edl\u00f3 men\u00fcben kattintson a levelez\u00e9s gombra. A k\u00f6vetkez\u0151 felugr\u00f3 ablakban t\u00f6ltse ki az adatokat. Az e-mail c\u00edmhez \u00e9s a felhaszn\u00e1l\u00f3 n\u00e9vhez a teljes e-mail c\u00edmet kell be\u00edrni. A be\u00e9rkez\u0151 levelek (POP3) kiszolg\u00e1l\u00f3j\u00e1hoz a mail.deltanet.hu c\u00edmet kell be\u00e1ll\u00edtani, BEJELENTKEZ\u00c9S biztons\u00e1gos jelsz\u00f3-hiteles\u00edt\u00e9s haszn\u00e1lat\u00e1val, EZT NEM KELL KIJEL\u00d6LNI. A kimen\u0151 levelek kiszolg\u00e1l\u00f3j\u00e1hoz (SMTP) a mail.deltanet.hu c\u00edmet kell be\u00e1ll\u00edtani. A kiszolg\u00e1l\u00f3 hiteles\u00edt\u00e9st ig\u00e9nyel EZT KI KELL JEL\u00d6LNI. Ezut\u00e1n a be\u00e1ll\u00edt\u00e1sokra kell kattintani, azt kell kiv\u00e1lasztani, hogy A be\u00e9rkez\u0151 levelek kiszolg\u00e1l\u00f3j\u00e1val azonos be\u00e1ll\u00edt\u00e1sok haszn\u00e1lata. Az adatok kit\u00f6lt\u00e9se ut\u00e1n \u00d6n m\u00e1r el is \u00e9rheti e-mail fi\u00f3kj\u00e1t.<\/p>\n<p><a href=\"http:\/\/internet.deltanet.hu\/wp-content\/uploads\/2018\/07\/express1.jpg\"><img decoding=\"async\" loading=\"lazy\" class=\"size-medium wp-image-203 aligncenter\" src=\"http:\/\/internet.deltanet.hu\/wp-content\/uploads\/2018\/07\/express1-300x289.jpg\" sizes=\"(max-width: 300px) 100vw, 300px\" srcset=\"http:\/\/internet.deltanet.hu\/wp-content\/uploads\/2018\/07\/express1-300x289.jpg 300w, http:\/\/internet.deltanet.hu\/wp-content\/uploads\/2018\/07\/express1.jpg 460w\" alt=\"\" width=\"300\" height=\"289\" \/><\/a><\/p>\n<p><a href=\"http:\/\/internet.deltanet.hu\/wp-content\/uploads\/2018\/07\/express2.jpg\"><img decoding=\"async\" loading=\"lazy\" class=\"size-medium wp-image-204 aligncenter\" src=\"http:\/\/internet.deltanet.hu\/wp-content\/uploads\/2018\/07\/express2-300x185.jpg\" sizes=\"(max-width: 300px) 100vw, 300px\" srcset=\"http:\/\/internet.deltanet.hu\/wp-content\/uploads\/2018\/07\/express2-300x185.jpg 300w, http:\/\/internet.deltanet.hu\/wp-content\/uploads\/2018\/07\/express2.jpg 383w\" alt=\"\" width=\"300\" height=\"185\" \/><\/a><\/p>\n<p>Amennyiben \u00d6n Microsoft Outlook programot haszn\u00e1l, akkor a program megnyit\u00e1sa ut\u00e1n kattintson az eszk\u00f6z\u00f6k men\u00fcpontra, majd a leny\u00edl\u00f3 men\u00fcben az E-mail fi\u00f3kok men\u00fcpontra. A bej\u00f6v\u0151 \u00faj ablakban az \u00faj e-mail fi\u00f3k hozz\u00e1ad\u00e1sa felirat el\u0151tt kell lennie egy jel\u00f6l\u00e9snek. Ut\u00e1na kattintsunk a tov\u00e1bb gombra. A k\u00f6vetkez\u0151 ablakban v\u00e1lasszuk ki a POP3 felirat el\u0151tti jel\u00f6l\u00e9st, majd kattintsunk a tov\u00e1bb gombra. A k\u00f6vetkez\u0151 ablakban a teljes e-mail c\u00edmhez a teljes e-mail c\u00edmet kell megadni, valamint felhaszn\u00e1l\u00f3n\u00e9vhez is. A bej\u00f6v\u0151 levelek (POP3) kiszolg\u00e1l\u00f3j\u00e1hoz a mail.deltanet.hu c\u00edmet kell be\u00e1ll\u00edtani BEJELENTKEZ\u00c9S biztons\u00e1gos jelsz\u00f3-hiteles\u00edt\u00e9s (SPA) haszn\u00e1lat\u00e1val, EZT NEM KELL KIJEL\u00d6LNI. Kimen\u0151 levelek kiszolg\u00e1l\u00f3j\u00e1hoz a mail.deltanet.hu c\u00edmet kell be\u00e1ll\u00edtani. Ezut\u00e1n r\u00e1 kell kattintani a Tov\u00e1bbi be\u00e1ll\u00edt\u00e1sok\u2026 gombra. A kimen\u0151 levelek kiszolg\u00e1l\u00f3ja f\u00fcl\u00f6n ki kell jel\u00f6lni, hogy A kimen\u0151 levelek kiszolg\u00e1l\u00f3ja (SMTP) hiteles\u00edt\u00e9st ig\u00e9nyel. Ezut\u00e1n kell kiv\u00e1lasztani, hogy A be\u00e9rkez\u0151 levelek kiszolg\u00e1l\u00f3j\u00e1val azonos be\u00e1ll\u00edt\u00e1sok haszn\u00e1lata. Az adatok kit\u00f6lt\u00e9se ut\u00e1n \u00d6n m\u00e1r el is \u00e9rheti e-mail fi\u00f3kj\u00e1t.<\/p>\n<p><a href=\"http:\/\/internet.deltanet.hu\/wp-content\/uploads\/2018\/07\/outlook1.jpg\"><img decoding=\"async\" loading=\"lazy\" class=\"size-medium wp-image-205 aligncenter\" src=\"http:\/\/internet.deltanet.hu\/wp-content\/uploads\/2018\/07\/outlook1-300x202.jpg\" sizes=\"(max-width: 300px) 100vw, 300px\" srcset=\"http:\/\/internet.deltanet.hu\/wp-content\/uploads\/2018\/07\/outlook1-300x202.jpg 300w, http:\/\/internet.deltanet.hu\/wp-content\/uploads\/2018\/07\/outlook1.jpg 633w\" alt=\"\" width=\"300\" height=\"202\" \/><\/a><a href=\"http:\/\/internet.deltanet.hu\/wp-content\/uploads\/2018\/07\/outlook2.jpg\"><img decoding=\"async\" loading=\"lazy\" class=\"size-medium wp-image-206 aligncenter\" src=\"http:\/\/internet.deltanet.hu\/wp-content\/uploads\/2018\/07\/outlook2-290x300.jpg\" sizes=\"(max-width: 290px) 100vw, 290px\" srcset=\"http:\/\/internet.deltanet.hu\/wp-content\/uploads\/2018\/07\/outlook2-290x300.jpg 290w, http:\/\/internet.deltanet.hu\/wp-content\/uploads\/2018\/07\/outlook2.jpg 428w\" alt=\"\" width=\"290\" height=\"300\" \/><\/a><\/p>\n<\/div>\n<\/div>\n<\/section>\n","protected":false},"excerpt":{"rendered":"<p>E-mail c\u00edm be\u00e1ll\u00edt\u00e1s E-mailjeit el\u00e9rheti webes fel\u00fcleten is, a https:\/\/mail.deltanet.hu weboldalon. Az e-mail fi\u00f3kj\u00e1nak el\u00e9r\u00e9s\u00e9hez \u00d6nnek minden esetben a teljes e-mail c\u00edm\u00e9t, valamint a hozz\u00e1<\/p>\n","protected":false},"author":10,"featured_media":0,"parent":548,"menu_order":0,"comment_status":"closed","ping_status":"closed","template":"","meta":{"_mi_skip_tracking":false},"_links":{"self":[{"href":"https:\/\/deltanet.hu\/index.php\/wp-json\/wp\/v2\/pages\/3496"}],"collection":[{"href":"https:\/\/deltanet.hu\/index.php\/wp-json\/wp\/v2\/pages"}],"about":[{"href":"https:\/\/deltanet.hu\/index.php\/wp-json\/wp\/v2\/types\/page"}],"author":[{"embeddable":true,"href":"https:\/\/deltanet.hu\/index.php\/wp-json\/wp\/v2\/users\/10"}],"replies":[{"embeddable":true,"href":"https:\/\/deltanet.hu\/index.php\/wp-json\/wp\/v2\/comments?post=3496"}],"version-history":[{"count":1,"href":"https:\/\/deltanet.hu\/index.php\/wp-json\/wp\/v2\/pages\/3496\/revisions"}],"predecessor-version":[{"id":3497,"href":"https:\/\/deltanet.hu\/index.php\/wp-json\/wp\/v2\/pages\/3496\/revisions\/3497"}],"up":[{"embeddable":true,"href":"https:\/\/deltanet.hu\/index.php\/wp-json\/wp\/v2\/pages\/548"}],"wp:attachment":[{"href":"https:\/\/deltanet.hu\/index.php\/wp-json\/wp\/v2\/media?parent=3496"}],"curies":[{"name":"wp","href":"https:\/\/api.w.org\/{rel}","templated":true}]}}