{"id":7594,"date":"2021-04-21T12:23:31","date_gmt":"2021-04-21T10:23:31","guid":{"rendered":"http:\/\/deltanet.hu\/?page_id=7594"},"modified":"2021-04-21T12:27:57","modified_gmt":"2021-04-21T10:27:57","slug":"ingyenes-internet-kozlemeny","status":"publish","type":"page","link":"https:\/\/deltanet.hu\/index.php\/ingyenes-internet-kozlemeny\/","title":{"rendered":"Ingyenes internet K\u00f6zlem\u00e9ny"},"content":{"rendered":"\t\t<div data-elementor-type=\"wp-page\" data-elementor-id=\"7594\" class=\"elementor elementor-7594\" data-elementor-settings=\"[]\">\n\t\t\t<div class=\"elementor-inner\">\n\t\t\t\t<div class=\"elementor-section-wrap\">\n\t\t\t\t\t\t\t<section class=\"elementor-element elementor-element-292c8a1 elementor-section-boxed elementor-section-height-default elementor-section-height-default elementor-section elementor-top-section\" data-id=\"292c8a1\" data-element_type=\"section\">\n\t\t\t\t\t\t<div class=\"elementor-container elementor-column-gap-default\">\n\t\t\t\t<div class=\"elementor-row\">\n\t\t\t\t<div class=\"elementor-element elementor-element-1081ad6 elementor-column elementor-col-100 elementor-top-column\" data-id=\"1081ad6\" data-element_type=\"column\">\n\t\t\t<div class=\"elementor-column-wrap  elementor-element-populated\">\n\t\t\t\t\t<div class=\"elementor-widget-wrap\">\n\t\t\t\t<div class=\"elementor-element elementor-element-3879fac elementor-widget elementor-widget-heading\" data-id=\"3879fac\" data-element_type=\"widget\" data-widget_type=\"heading.default\">\n\t\t\t\t<div class=\"elementor-widget-container\">\n\t\t\t<h2 class=\"elementor-heading-title elementor-size-medium\">Kedves \u00dcgyfel\u00fcnk!<\/h2>\t\t<\/div>\n\t\t\t\t<\/div>\n\t\t\t\t<div class=\"elementor-element elementor-element-fc77ae2 elementor-widget elementor-widget-heading\" data-id=\"fc77ae2\" data-element_type=\"widget\" data-widget_type=\"heading.default\">\n\t\t\t\t<div class=\"elementor-widget-container\">\n\t\t\t<h2 class=\"elementor-heading-title elementor-size-medium\">A jelenlegi v\u00edrushelyzet t\u00f6bb er\u0151fesz\u00edt\u00e9st ig\u00e9nyel mindannyiunkt\u00f3l, k\u00fcl\u00f6n\u00f6sen az otthonr\u00f3l tanul\u00f3kt\u00f3l \u00e9s dolgoz\u00f3kt\u00f3l.<div><br><\/div><div>\nA deltanet internetszolg\u00e1ltat\u00f3 a t\u00f6rv\u00e9nyi keretek k\u00f6z\u00f6tt szeretn\u00e9nk seg\u00edteni \u00d6nnek is, hogy \u00e9lni tudjon a d\u00edjmentes internet ig\u00e9nyl\u00e9s lehet\u0151s\u00e9g\u00e9vel.&nbsp;<br><br><\/div><div>\nA kedvezm\u00e9ny \u00e9rv\u00e9nyes\u00edt\u00e9s\u00e9hez \u00d6nnek nyilatkoznia kell a fenn\u00e1ll\u00f3 jogosults\u00e1g\u00e1r\u00f3l az itt tal\u00e1lhat\u00f3 ig\u00e9nyl\u00e9s kit\u00f6lt\u00e9s\u00e9vel. <\/div><p><br><\/p><p><span style=\"font-family: Roboto, sans-serif; font-size: 19px; font-style: normal; font-weight: 600;\">Ha m\u00e9g nem ig\u00e9nyelte, \u00fagy k\u00e9rj\u00fck regisztr\u00e1ljon az al\u00e1bbi linken:<\/span><span style=\"font-family: Roboto, sans-serif; font-size: 19px; font-weight: 600;\"><\/span><\/p><\/h2>\t\t<\/div>\n\t\t\t\t<\/div>\n\t\t\t\t<div class=\"elementor-element elementor-element-2bc6afd elementor-widget elementor-widget-heading\" data-id=\"2bc6afd\" data-element_type=\"widget\" data-widget_type=\"heading.default\">\n\t\t\t\t<div class=\"elementor-widget-container\">\n\t\t\t<h2 class=\"elementor-heading-title elementor-size-default\"><a href=\"https:\/\/docs.google.com\/forms\/d\/e\/1FAIpQLScwluJdy_bJ1ZChNquU0zzW-tmfkavjpiabikFGcjEID9eXWA\/viewform?usp=sf_link\">Alapvet\u0151 jogosults\u00e1gi nyilatkozat (kit\u00f6lt\u00e9se mindenk\u00e9pp sz\u00fcks\u00e9ges)<br><br><\/a><\/h2>\t\t<\/div>\n\t\t\t\t<\/div>\n\t\t\t\t<div class=\"elementor-element elementor-element-9b9186f elementor-widget elementor-widget-heading\" data-id=\"9b9186f\" data-element_type=\"widget\" data-widget_type=\"heading.default\">\n\t\t\t\t<div class=\"elementor-widget-container\">\n\t\t\t<h2 class=\"elementor-heading-title elementor-size-default\"><span data-elementor-setting-key=\"title\" data-pen-placeholder=\"Ide \u00edrj...\" style=\"font-style: normal; clear: both;\"><div style=\"font-size: 19px;\">A jogosultak visszamen\u0151legesen is beadhatj\u00e1k ig\u00e9ny\u00fcket a digit\u00e1lis oktat\u00e1sban r\u00e9szt vev\u0151 csal\u00e1dokat seg\u00edt\u0151, korm\u00e1nyrendeletben meghat\u00e1rozott internet havi d\u00edj ut\u00f3lagos j\u00f3v\u00e1\u00edr\u00e1s\u00e1ra.<\/div><div style=\"font-size: 19px;\"><br><\/div><div style=\"font-size: 19px;\">Aki nem \u00e9lt kezdett\u0151l fogva a lehet\u0151s\u00e9ggel, az al\u00e1bbi visszamen\u0151leges ig\u00e9nyl\u00e9s c\u00edm\u0171 nyilatkozat kit\u00f6lt\u00e9s\u00e9vel tudja az elm\u00falt id\u0151szakra is megk\u00e9rni a j\u00f3v\u00e1\u00edr\u00e1st.<span style=\"font-family: Roboto, sans-serif; font-size: 30px; font-weight: 600;\"><\/span><\/div><div style=\"font-size: 19px;\"><span style=\"font-family: Roboto, sans-serif; font-size: 30px; font-weight: 600;\"><\/span><\/div><\/span><\/h2>\t\t<\/div>\n\t\t\t\t<\/div>\n\t\t\t\t\t\t<\/div>\n\t\t\t<\/div>\n\t\t<\/div>\n\t\t\t\t\t\t<\/div>\n\t\t\t<\/div>\n\t\t<\/section>\n\t\t\t\t<section class=\"elementor-element elementor-element-795c23b elementor-section-boxed elementor-section-height-default elementor-section-height-default elementor-section elementor-top-section\" data-id=\"795c23b\" data-element_type=\"section\">\n\t\t\t\t\t\t<div class=\"elementor-container elementor-column-gap-default\">\n\t\t\t\t<div class=\"elementor-row\">\n\t\t\t\t<div class=\"elementor-element elementor-element-ef2421c elementor-column elementor-col-100 elementor-top-column\" data-id=\"ef2421c\" data-element_type=\"column\">\n\t\t\t<div class=\"elementor-column-wrap  elementor-element-populated\">\n\t\t\t\t\t<div class=\"elementor-widget-wrap\">\n\t\t\t\t<div class=\"elementor-element elementor-element-8917973 elementor-widget elementor-widget-heading\" data-id=\"8917973\" data-element_type=\"widget\" data-widget_type=\"heading.default\">\n\t\t\t\t<div class=\"elementor-widget-container\">\n\t\t\t<h2 class=\"elementor-heading-title elementor-size-default\"><a href=\"https:\/\/forms.gle\/qnQGvebGf4QZRYNNA\"><br>Visszamen\u0151leges ig\u00e9nyl\u00e9s (ha nem kezdett\u0151l fogva regisztr\u00e1lt)<\/a><\/h2>\t\t<\/div>\n\t\t\t\t<\/div>\n\t\t\t\t<div class=\"elementor-element elementor-element-4035f1b elementor-widget elementor-widget-heading\" data-id=\"4035f1b\" data-element_type=\"widget\" data-widget_type=\"heading.default\">\n\t\t\t\t<div class=\"elementor-widget-container\">\n\t\t\t<h2 class=\"elementor-heading-title elementor-size-default\"><br><span style=\"font-family: Roboto, sans-serif; font-size: 19px; font-style: normal; font-weight: 600;\">Az internet szolg\u00e1ltat\u00e1s visszamen\u0151leges ig\u00e9nyl\u00e9se abban az esetben tekinthet\u0151 befogadottnak, ha m\u00e1r kit\u00f6lt\u00f6tte a jogosults\u00e1gr\u00f3l sz\u00f3l\u00f3 alapvet\u0151 nyilatkozatot is!<\/span><br><br><\/h2>\t\t<\/div>\n\t\t\t\t<\/div>\n\t\t\t\t<div class=\"elementor-element elementor-element-eecd985 elementor-widget elementor-widget-image\" data-id=\"eecd985\" data-element_type=\"widget\" data-widget_type=\"image.default\">\n\t\t\t\t<div class=\"elementor-widget-container\">\n\t\t\t\t\t<div class=\"elementor-image\">\n\t\t\t\t\t\t\t\t\t\t<img width=\"783\" height=\"410\" src=\"https:\/\/deltanet.hu\/wp-content\/uploads\/2021\/04\/deltanet_internet_ingyenes-1024x536.jpg\" class=\"attachment-large size-large\" alt=\"\" decoding=\"async\" loading=\"lazy\" srcset=\"https:\/\/deltanet.hu\/wp-content\/uploads\/2021\/04\/deltanet_internet_ingyenes-1024x536.jpg 1024w, https:\/\/deltanet.hu\/wp-content\/uploads\/2021\/04\/deltanet_internet_ingyenes-300x157.jpg 300w, https:\/\/deltanet.hu\/wp-content\/uploads\/2021\/04\/deltanet_internet_ingyenes-768x402.jpg 768w, https:\/\/deltanet.hu\/wp-content\/uploads\/2021\/04\/deltanet_internet_ingyenes-1536x804.jpg 1536w, https:\/\/deltanet.hu\/wp-content\/uploads\/2021\/04\/deltanet_internet_ingyenes-2048x1072.jpg 2048w\" sizes=\"(max-width: 783px) 100vw, 783px\" \/>\t\t\t\t\t\t\t\t\t\t\t<\/div>\n\t\t\t\t<\/div>\n\t\t\t\t<\/div>\n\t\t\t\t\t\t<\/div>\n\t\t\t<\/div>\n\t\t<\/div>\n\t\t\t\t\t\t<\/div>\n\t\t\t<\/div>\n\t\t<\/section>\n\t\t\t\t\t\t<\/div>\n\t\t\t<\/div>\n\t\t<\/div>\n\t\t","protected":false},"excerpt":{"rendered":"<p>Kedves \u00dcgyfel\u00fcnk! A jelenlegi v\u00edrushelyzet t\u00f6bb er\u0151fesz\u00edt\u00e9st ig\u00e9nyel mindannyiunkt\u00f3l, k\u00fcl\u00f6n\u00f6sen az otthonr\u00f3l tanul\u00f3kt\u00f3l \u00e9s dolgoz\u00f3kt\u00f3l. A deltanet internetszolg\u00e1ltat\u00f3 a t\u00f6rv\u00e9nyi keretek k\u00f6z\u00f6tt szeretn\u00e9nk seg\u00edteni \u00d6nnek<\/p>\n","protected":false},"author":4,"featured_media":0,"parent":0,"menu_order":0,"comment_status":"closed","ping_status":"closed","template":"","meta":{"_mi_skip_tracking":false},"_links":{"self":[{"href":"https:\/\/deltanet.hu\/index.php\/wp-json\/wp\/v2\/pages\/7594"}],"collection":[{"href":"https:\/\/deltanet.hu\/index.php\/wp-json\/wp\/v2\/pages"}],"about":[{"href":"https:\/\/deltanet.hu\/index.php\/wp-json\/wp\/v2\/types\/page"}],"author":[{"embeddable":true,"href":"https:\/\/deltanet.hu\/index.php\/wp-json\/wp\/v2\/users\/4"}],"replies":[{"embeddable":true,"href":"https:\/\/deltanet.hu\/index.php\/wp-json\/wp\/v2\/comments?post=7594"}],"version-history":[{"count":4,"href":"https:\/\/deltanet.hu\/index.php\/wp-json\/wp\/v2\/pages\/7594\/revisions"}],"predecessor-version":[{"id":7600,"href":"https:\/\/deltanet.hu\/index.php\/wp-json\/wp\/v2\/pages\/7594\/revisions\/7600"}],"wp:attachment":[{"href":"https:\/\/deltanet.hu\/index.php\/wp-json\/wp\/v2\/media?parent=7594"}],"curies":[{"name":"wp","href":"https:\/\/api.w.org\/{rel}","templated":true}]}}